Last updated on 2020-12-31 00:46:44 CET.
Flavor | Version | Tinstall | Tcheck | Ttotal | Status | Flags |
---|---|---|---|---|---|---|
r-devel-linux-x86_64-debian-clang | 0.1 | 51.91 | 24.74 | 76.65 | OK | |
r-devel-linux-x86_64-debian-gcc | 0.1 | 35.71 | 20.12 | 55.83 | OK | |
r-devel-linux-x86_64-fedora-clang | 0.1 | 121.02 | NOTE | |||
r-devel-linux-x86_64-fedora-gcc | 0.1 | 97.88 | OK | |||
r-devel-windows-ix86+x86_64 | 0.1 | 121.00 | 68.00 | 189.00 | OK | |
r-patched-linux-x86_64 | 0.1 | 37.99 | 24.47 | 62.46 | OK | |
r-patched-solaris-x86 | 0.1 | 99.40 | OK | |||
r-release-linux-x86_64 | 0.1 | 44.98 | 24.71 | 69.69 | OK | |
r-release-macos-x86_64 | 0.1 | NOTE | ||||
r-release-windows-ix86+x86_64 | 0.1 | 117.00 | 63.00 | 180.00 | OK | |
r-oldrel-macos-x86_64 | 0.1 | NOTE | ||||
r-oldrel-windows-ix86+x86_64 | 0.1 | 76.00 | 48.00 | 124.00 | OK |
Version: 0.1
Check: installed package size
Result: NOTE
installed size is 8.2Mb
sub-directories of 1Mb or more:
libs 8.1Mb
Flavors: r-devel-linux-x86_64-fedora-clang, r-release-macos-x86_64, r-oldrel-macos-x86_64