CRAN Package Check Results for Package GENLIB

Last updated on 2020-12-31 00:46:44 CET.

Flavor Version Tinstall Tcheck Ttotal Status Flags
r-devel-linux-x86_64-debian-clang 1.0.9 110.03 115.46 225.49 OK
r-devel-linux-x86_64-debian-gcc 1.0.9 65.28 90.24 155.52 OK
r-devel-linux-x86_64-fedora-clang 1.0.9 301.18 OK
r-devel-linux-x86_64-fedora-gcc 1.0.9 263.41 OK
r-devel-windows-ix86+x86_64 1.0.9 256.00 269.00 525.00 OK
r-patched-linux-x86_64 1.0.9 73.39 110.01 183.40 OK
r-patched-solaris-x86 1.0.9 317.50 OK
r-release-linux-x86_64 1.0.9 73.55 109.76 183.31 OK
r-release-macos-x86_64 1.0.9 WARN
r-release-windows-ix86+x86_64 1.0.9 256.00 268.00 524.00 OK
r-oldrel-macos-x86_64 1.0.9 OK
r-oldrel-windows-ix86+x86_64 1.0.9 161.00 184.00 345.00 OK

Check Details

Version: 1.0.9
Check: whether package can be installed
Result: WARN
    Found the following significant warnings:
     hal.cpp:266:10: warning: 'sem_init' is deprecated [-Wdeprecated-declarations]
     hal.cpp:271:13: warning: 'sem_destroy' is deprecated [-Wdeprecated-declarations]
Flavor: r-release-macos-x86_64