CRAN Package Check Results for Package GCSM

Last updated on 2020-12-31 00:46:43 CET.

Flavor Version Tinstall Tcheck Ttotal Status Flags
r-devel-linux-x86_64-debian-clang 0.1.0 107.72 28.16 135.88 OK
r-devel-linux-x86_64-debian-gcc 0.1.0 68.83 21.71 90.54 OK
r-devel-linux-x86_64-fedora-clang 0.1.0 197.23 NOTE
r-devel-linux-x86_64-fedora-gcc 0.1.0 168.54 OK
r-devel-windows-ix86+x86_64 0.1.0 230.00 73.00 303.00 OK
r-patched-linux-x86_64 0.1.0 79.55 26.69 106.24 OK
r-patched-solaris-x86 0.1.0 159.70 OK
r-release-linux-x86_64 0.1.0 79.42 26.40 105.82 OK
r-release-macos-x86_64 0.1.0 OK
r-release-windows-ix86+x86_64 0.1.0 228.00 77.00 305.00 OK
r-oldrel-macos-x86_64 0.1.0 OK
r-oldrel-windows-ix86+x86_64 0.1.0 146.00 55.00 201.00 OK

Check Details

Version: 0.1.0
Check: installed package size
Result: NOTE
     installed size is 5.2Mb
     sub-directories of 1Mb or more:
     libs 5.1Mb
Flavor: r-devel-linux-x86_64-fedora-clang