CRAN Package Check Results for Package GCPM

Last updated on 2020-12-31 00:46:43 CET.

Flavor Version Tinstall Tcheck Ttotal Status Flags
r-devel-linux-x86_64-debian-clang 1.2.2 17.60 47.26 64.86 OK
r-devel-linux-x86_64-debian-gcc 1.2.2 13.33 37.06 50.39 OK
r-devel-linux-x86_64-fedora-clang 1.2.2 94.51 NOTE
r-devel-linux-x86_64-fedora-gcc 1.2.2 81.14 NOTE
r-devel-windows-ix86+x86_64 1.2.2 40.00 105.00 145.00 OK
r-patched-linux-x86_64 1.2.2 16.75 46.39 63.14 OK
r-patched-solaris-x86 1.2.2 114.70 OK
r-release-linux-x86_64 1.2.2 16.74 46.44 63.18 OK
r-release-macos-x86_64 1.2.2 OK
r-release-windows-ix86+x86_64 1.2.2 41.00 108.00 149.00 OK
r-oldrel-macos-x86_64 1.2.2 OK
r-oldrel-windows-ix86+x86_64 1.2.2 25.00 76.00 101.00 OK

Check Details

Version: 1.2.2
Check: compiled code
Result: NOTE
    File ‘GCPM/libs/GCPM.so’:
     Found no calls to: ‘R_registerRoutines’, ‘R_useDynamicSymbols’
    
    It is good practice to register native routines and to disable symbol
    search.
    
    See ‘Writing portable packages’ in the ‘Writing R Extensions’ manual.
Flavors: r-devel-linux-x86_64-fedora-clang, r-devel-linux-x86_64-fedora-gcc