CRAN Package Check Results for Package GADMTools

Last updated on 2020-12-31 00:46:43 CET.

Flavor Version Tinstall Tcheck Ttotal Status Flags
r-devel-linux-x86_64-debian-clang 3.8-1 12.07 161.24 173.31 OK
r-devel-linux-x86_64-debian-gcc 3.8-1 10.40 120.47 130.87 OK
r-devel-linux-x86_64-fedora-clang 3.8-1 214.73 NOTE
r-devel-linux-x86_64-fedora-gcc 3.8-1 207.45 NOTE
r-devel-windows-ix86+x86_64 3.8-1 39.00 487.00 526.00 OK
r-patched-linux-x86_64 3.8-1 11.99 149.14 161.13 OK
r-patched-solaris-x86 3.8-1 264.40 NOTE
r-release-linux-x86_64 3.8-1 11.99 148.95 160.94 OK
r-release-macos-x86_64 3.8-1 NOTE
r-release-windows-ix86+x86_64 3.8-1 37.00 457.00 494.00 OK
r-oldrel-macos-x86_64 3.8-1 NOTE
r-oldrel-windows-ix86+x86_64 3.8-1 23.00 302.00 325.00 OK

Check Details

Version: 3.8-1
Check: data for non-ASCII characters
Result: NOTE
     Note: found 19 marked UTF-8 strings
Flavors: r-devel-linux-x86_64-fedora-clang, r-devel-linux-x86_64-fedora-gcc, r-patched-solaris-x86, r-release-macos-x86_64, r-oldrel-macos-x86_64