CRAN Package Check Results for Package FunCC

Last updated on 2020-12-31 00:46:43 CET.

Flavor Version Tinstall Tcheck Ttotal Status Flags
r-devel-linux-x86_64-debian-clang 1.0 5.64 42.83 48.47 OK
r-devel-linux-x86_64-debian-gcc 1.0 5.51 32.51 38.02 OK
r-devel-linux-x86_64-fedora-clang 1.0 67.22 OK
r-devel-linux-x86_64-fedora-gcc 1.0 57.20 OK
r-devel-windows-ix86+x86_64 1.0 12.00 59.00 71.00 OK
r-patched-linux-x86_64 1.0 4.70 44.70 49.40 NOTE
r-patched-solaris-x86 1.0 89.80 OK
r-release-linux-x86_64 1.0 4.51 44.73 49.24 NOTE
r-release-macos-x86_64 1.0 OK
r-release-windows-ix86+x86_64 1.0 12.00 48.00 60.00 OK
r-oldrel-macos-x86_64 1.0 OK
r-oldrel-windows-ix86+x86_64 1.0 7.00 44.00 51.00 OK

Check Details

Version: 1.0
Check: DESCRIPTION meta-information
Result: NOTE
    Dependence on R version ‘3.5.1’ not with patchlevel 0
Flavors: r-patched-linux-x86_64, r-release-linux-x86_64