CRAN Package Check Results for Package FiRE

Last updated on 2020-12-31 00:46:43 CET.

Flavor Version Tinstall Tcheck Ttotal Status Flags
r-devel-linux-x86_64-debian-clang 1.0 29.34 33.35 62.69 OK
r-devel-linux-x86_64-debian-gcc 1.0 19.51 26.60 46.11 OK
r-devel-linux-x86_64-fedora-clang 1.0 94.54 NOTE
r-devel-linux-x86_64-fedora-gcc 1.0 79.94 OK
r-devel-windows-ix86+x86_64 1.0 66.00 78.00 144.00 NOTE
r-patched-linux-x86_64 1.0 24.08 33.09 57.17 OK
r-patched-solaris-x86 1.0 101.60 NOTE
r-release-linux-x86_64 1.0 23.25 33.02 56.27 OK
r-release-macos-x86_64 1.0 NOTE
r-release-windows-ix86+x86_64 1.0 65.00 83.00 148.00 NOTE
r-oldrel-macos-x86_64 1.0 NOTE
r-oldrel-windows-ix86+x86_64 1.0 43.00 65.00 108.00 NOTE

Check Details

Version: 1.0
Check: installed package size
Result: NOTE
     installed size is 7.8Mb
     sub-directories of 1Mb or more:
     data 5.4Mb
     libs 2.3Mb
Flavors: r-devel-linux-x86_64-fedora-clang, r-devel-windows-ix86+x86_64, r-patched-solaris-x86, r-release-macos-x86_64, r-release-windows-ix86+x86_64, r-oldrel-macos-x86_64, r-oldrel-windows-ix86+x86_64