CRAN Package Check Results for Package FaultTree

Last updated on 2020-12-31 00:46:42 CET.

Flavor Version Tinstall Tcheck Ttotal Status Flags
r-devel-linux-x86_64-debian-clang 0.99.5 158.62 34.27 192.89 OK
r-devel-linux-x86_64-debian-gcc 0.99.5 99.88 26.57 126.45 OK
r-devel-linux-x86_64-fedora-clang 0.99.5 274.20 NOTE
r-devel-linux-x86_64-fedora-gcc 0.99.5 239.65 OK
r-devel-windows-ix86+x86_64 0.99.5 360.00 75.00 435.00 OK
r-patched-linux-x86_64 0.99.5 119.77 32.28 152.05 OK
r-patched-solaris-x86 0.99.5 221.80 OK
r-release-linux-x86_64 0.99.5 116.27 32.29 148.56 OK
r-release-macos-x86_64 0.99.5 OK
r-release-windows-ix86+x86_64 0.99.5 356.00 81.00 437.00 OK
r-oldrel-macos-x86_64 0.99.5 OK
r-oldrel-windows-ix86+x86_64 0.99.5 235.00 53.00 288.00 OK

Check Details

Version: 0.99.5
Check: installed package size
Result: NOTE
     installed size is 5.0Mb
     sub-directories of 1Mb or more:
     libs 4.8Mb
Flavor: r-devel-linux-x86_64-fedora-clang