CRAN Package Check Results for Package FastHCS

Last updated on 2020-12-31 00:46:42 CET.

Flavor Version Tinstall Tcheck Ttotal Status Flags
r-devel-linux-x86_64-debian-clang 0.0.7 41.72 27.46 69.18 OK
r-devel-linux-x86_64-debian-gcc 0.0.7 31.76 23.56 55.32 OK
r-devel-linux-x86_64-fedora-clang 0.0.7 103.26 NOTE
r-devel-linux-x86_64-fedora-gcc 0.0.7 87.80 NOTE
r-devel-windows-ix86+x86_64 0.0.7 79.00 69.00 148.00 OK
r-patched-linux-x86_64 0.0.7 37.93 28.13 66.06 OK
r-patched-solaris-x86 0.0.7 84.00 OK
r-release-linux-x86_64 0.0.7 39.93 28.11 68.04 OK
r-release-macos-x86_64 0.0.7 NOTE
r-release-windows-ix86+x86_64 0.0.7 84.00 72.00 156.00 OK
r-oldrel-macos-x86_64 0.0.7 NOTE
r-oldrel-windows-ix86+x86_64 0.0.7 52.00 47.00 99.00 OK

Check Details

Version: 0.0.7
Check: installed package size
Result: NOTE
     installed size is 16.6Mb
     sub-directories of 1Mb or more:
     data 1.3Mb
     libs 15.2Mb
Flavors: r-devel-linux-x86_64-fedora-clang, r-release-macos-x86_64, r-oldrel-macos-x86_64

Version: 0.0.7
Check: compiled code
Result: NOTE
    File ‘FastHCS/libs/FastHCS.so’:
     Found no calls to: ‘R_registerRoutines’, ‘R_useDynamicSymbols’
    
    It is good practice to register native routines and to disable symbol
    search.
    
    See ‘Writing portable packages’ in the ‘Writing R Extensions’ manual.
Flavors: r-devel-linux-x86_64-fedora-clang, r-devel-linux-x86_64-fedora-gcc