CRAN Package Check Results for Package FastGaSP

Last updated on 2020-12-31 00:46:42 CET.

Flavor Version Tinstall Tcheck Ttotal Status Flags
r-devel-linux-x86_64-debian-clang 0.5.1 41.39 33.45 74.84 OK
r-devel-linux-x86_64-debian-gcc 0.5.1 28.08 26.70 54.78 OK
r-devel-linux-x86_64-fedora-clang 0.5.1 108.11 NOTE
r-devel-linux-x86_64-fedora-gcc 0.5.1 92.78 NOTE
r-devel-windows-ix86+x86_64 0.5.1 86.00 82.00 168.00 OK
r-patched-linux-x86_64 0.5.1 32.39 32.64 65.03 OK
r-patched-solaris-x86 0.5.1 97.20 NOTE
r-release-linux-x86_64 0.5.1 35.57 32.93 68.50 OK
r-release-macos-x86_64 0.5.1 NOTE
r-release-windows-ix86+x86_64 0.5.1 90.00 84.00 174.00 OK
r-oldrel-macos-x86_64 0.5.1 NOTE
r-oldrel-windows-ix86+x86_64 0.5.1 56.00 59.00 115.00 OK

Check Details

Version: 0.5.1
Check: installed package size
Result: NOTE
     installed size is 8.0Mb
     sub-directories of 1Mb or more:
     libs 7.7Mb
Flavors: r-devel-linux-x86_64-fedora-clang, r-release-macos-x86_64, r-oldrel-macos-x86_64

Version: 0.5.1
Check: dependencies in R code
Result: NOTE
    Namespace in Imports field not imported from: ‘RobustGaSP’
     All declared Imports should be used.
Flavors: r-devel-linux-x86_64-fedora-clang, r-devel-linux-x86_64-fedora-gcc, r-patched-solaris-x86, r-release-macos-x86_64, r-oldrel-macos-x86_64