CRAN Package Check Results for Package FIT

Last updated on 2020-12-31 00:46:43 CET.

Flavor Version Tinstall Tcheck Ttotal Status Flags
r-devel-linux-x86_64-debian-clang 0.0.6 42.07 107.78 149.85 OK
r-devel-linux-x86_64-debian-gcc 0.0.6 33.82 72.26 106.08 OK
r-devel-linux-x86_64-fedora-clang 0.0.6 192.54 NOTE
r-devel-linux-x86_64-fedora-gcc 0.0.6 184.84 NOTE
r-devel-windows-ix86+x86_64 0.0.6 94.00 152.00 246.00 OK
r-patched-linux-x86_64 0.0.6 38.03 102.82 140.85 OK
r-patched-solaris-x86 0.0.6 217.80 NOTE
r-release-linux-x86_64 0.0.6 40.67 101.67 142.34 OK
r-release-macos-x86_64 0.0.6 NOTE
r-release-windows-ix86+x86_64 0.0.6 96.00 155.00 251.00 OK
r-oldrel-macos-x86_64 0.0.6 NOTE
r-oldrel-windows-ix86+x86_64 0.0.6 58.00 107.00 165.00 OK

Check Details

Version: 0.0.6
Check: installed package size
Result: NOTE
     installed size is 9.3Mb
     sub-directories of 1Mb or more:
     libs 8.4Mb
Flavors: r-devel-linux-x86_64-fedora-clang, r-release-macos-x86_64, r-oldrel-macos-x86_64

Version: 0.0.6
Check: dependencies in R code
Result: NOTE
    Namespaces in Imports field not imported from:
     ‘MASS’ ‘XML’ ‘gglasso’ ‘methods’
     All declared Imports should be used.
Flavors: r-devel-linux-x86_64-fedora-clang, r-devel-linux-x86_64-fedora-gcc, r-patched-solaris-x86, r-release-macos-x86_64, r-oldrel-macos-x86_64