CRAN Package Check Results for Package EmiStatR

Last updated on 2020-12-31 00:46:42 CET.

Flavor Version Tinstall Tcheck Ttotal Status Flags
r-devel-linux-x86_64-debian-clang 1.2.2.0 6.29 44.80 51.09 NOTE
r-devel-linux-x86_64-debian-gcc 1.2.2.0 5.63 34.11 39.74 NOTE
r-devel-linux-x86_64-fedora-clang 1.2.2.0 71.64 NOTE
r-devel-linux-x86_64-fedora-gcc 1.2.2.0 61.24 NOTE
r-devel-windows-ix86+x86_64 1.2.2.0 12.00 64.00 76.00 OK
r-patched-linux-x86_64 1.2.2.0 7.09 43.45 50.54 NOTE
r-patched-solaris-x86 1.2.2.0 92.40 NOTE
r-release-linux-x86_64 1.2.2.0 6.96 43.42 50.38 NOTE
r-release-macos-x86_64 1.2.2.0 ERROR
r-release-windows-ix86+x86_64 1.2.2.0 12.00 52.00 64.00 OK
r-oldrel-macos-x86_64 1.2.2.0 ERROR
r-oldrel-windows-ix86+x86_64 1.2.2.0 7.00 52.00 59.00 OK

Check Details

Version: 1.2.2.0
Check: for non-standard things in the check directory
Result: NOTE
    Found the following files/directories:
     'EmiStatR_output' 'Temporal aggregation of precipitation P1 (res =
     120 min).pdf'
Flavors: r-devel-linux-x86_64-debian-clang, r-devel-linux-x86_64-debian-gcc, r-devel-linux-x86_64-fedora-clang, r-devel-linux-x86_64-fedora-gcc, r-patched-linux-x86_64, r-patched-solaris-x86, r-release-linux-x86_64

Version: 1.2.2.0
Check: examples
Result: ERROR
    Running examples in ‘EmiStatR-Ex.R’ failed
    The error most likely occurred in:
    
    > ### Name: CInp2TS
    > ### Title: Function to convert Constant Input to Time Series
    > ### Aliases: CInp2TS
    > ### Keywords: CInp2TS
    >
    > ### ** Examples
    >
    > library(EmiStatR)
    > library(zoo)
    
    Attaching package: ‘zoo’
    
    The following objects are masked from ‘package:base’:
    
     as.Date, as.Date.numeric
    
    >
    > data("Esch_Sure2010")
    > data("qs_factor")
    >
    > cinp <- 150 # water consumption [m3/h]
    > prec <- Esch_Sure2010[1:1000,] # selecting just the first 1,000 rows
    >
    > cinp.daily.file <- qs_factor
    > cinp.weekly <- list(mon=1, tue=.83, wed=.83, thu=.83, fri=1, sat=1.25, sun=1.25)
    > # factors average to 1
    > cinp.seasonal <- list(jan=.79, feb=.79, mar=1.15, apr=1.15, may=1.15, jun=1.15,
    + jul=1.15, aug=1.15, sep=1.15, oct=1.15, nov=.79, dec=.79)
    > # factors average to 1
    > ts1 <- CInp2TS(cinp, prec, cinp.daily.file, cinp.weekly, cinp.seasonal)
    Error in `[.xts`(cinp.ts.deltap, 1:nrow(P1), ) : subscript out of bounds
    Calls: CInp2TS -> [ -> [.xts
    Execution halted
Flavors: r-release-macos-x86_64, r-oldrel-macos-x86_64