CRAN Package Check Results for Package EditImputeCont

Last updated on 2020-12-31 00:46:42 CET.

Flavor Version Tinstall Tcheck Ttotal Status Flags
r-devel-linux-x86_64-debian-clang 1.1.6 85.50 48.60 134.10 OK
r-devel-linux-x86_64-debian-gcc 1.1.6 60.53 37.17 97.70 OK
r-devel-linux-x86_64-fedora-clang 1.1.6 197.53 NOTE
r-devel-linux-x86_64-fedora-gcc 1.1.6 169.01 OK
r-devel-windows-ix86+x86_64 1.1.6 291.00 99.00 390.00 OK
r-patched-linux-x86_64 1.1.6 73.34 46.31 119.65 OK
r-patched-solaris-x86 1.1.6 169.00 OK
r-release-linux-x86_64 1.1.6 72.47 46.12 118.59 OK
r-release-macos-x86_64 1.1.6 NOTE
r-release-windows-ix86+x86_64 1.1.6 294.00 105.00 399.00 OK
r-oldrel-macos-x86_64 1.1.6 NOTE
r-oldrel-windows-ix86+x86_64 1.1.6 195.00 81.00 276.00 OK

Additional issues

gcc11

Check Details

Version: 1.1.6
Check: installed package size
Result: NOTE
     installed size is 7.5Mb
     sub-directories of 1Mb or more:
     libs 7.3Mb
Flavors: r-devel-linux-x86_64-fedora-clang, r-release-macos-x86_64, r-oldrel-macos-x86_64