CRAN Package Check Results for Package EMMIXgene

Last updated on 2020-12-31 00:46:42 CET.

Flavor Version Tinstall Tcheck Ttotal Status Flags
r-devel-linux-x86_64-debian-clang 0.1.3 62.25 75.94 138.19 OK
r-devel-linux-x86_64-debian-gcc 0.1.3 44.29 56.70 100.99 OK
r-devel-linux-x86_64-fedora-clang 0.1.3 188.39 NOTE
r-devel-linux-x86_64-fedora-gcc 0.1.3 174.05 OK
r-devel-windows-ix86+x86_64 0.1.3 142.00 153.00 295.00 NOTE
r-patched-linux-x86_64 0.1.3 53.05 73.09 126.14 OK
r-patched-solaris-x86 0.1.3 196.40 OK
r-release-linux-x86_64 0.1.3 49.40 73.69 123.09 OK
r-release-macos-x86_64 0.1.3 NOTE
r-release-windows-ix86+x86_64 0.1.3 145.00 159.00 304.00 NOTE
r-oldrel-macos-x86_64 0.1.3 NOTE
r-oldrel-windows-ix86+x86_64 0.1.3 97.00 118.00 215.00 OK

Check Details

Version: 0.1.3
Check: installed package size
Result: NOTE
     installed size is 6.8Mb
     sub-directories of 1Mb or more:
     data 2.0Mb
     libs 4.0Mb
Flavors: r-devel-linux-x86_64-fedora-clang, r-devel-windows-ix86+x86_64, r-release-macos-x86_64, r-release-windows-ix86+x86_64, r-oldrel-macos-x86_64