CRAN Package Check Results for Package DysPIA

Last updated on 2020-12-31 00:46:41 CET.

Flavor Version Tinstall Tcheck Ttotal Status Flags
r-devel-linux-x86_64-debian-clang 1.3 25.02 41.48 66.50 OK
r-devel-linux-x86_64-debian-gcc 1.3 16.89 32.13 49.02 OK
r-devel-linux-x86_64-fedora-clang 1.3 92.52 NOTE
r-devel-linux-x86_64-fedora-gcc 1.3 78.45 OK
r-devel-windows-ix86+x86_64 1.3 55.00 87.00 142.00 NOTE
r-patched-linux-x86_64 1.3 20.72 38.79 59.51 OK
r-patched-solaris-x86 1.3 98.00 OK
r-release-linux-x86_64 1.3 19.67 38.59 58.26 OK
r-release-macos-x86_64 1.3 NOTE
r-release-windows-ix86+x86_64 1.3 54.00 90.00 144.00 NOTE
r-oldrel-macos-x86_64 1.3 NOTE
r-oldrel-windows-ix86+x86_64 1.3 41.00 66.00 107.00 NOTE

Check Details

Version: 1.3
Check: installed package size
Result: NOTE
     installed size is 5.3Mb
     sub-directories of 1Mb or more:
     data 4.0Mb
     libs 1.2Mb
Flavors: r-devel-linux-x86_64-fedora-clang, r-devel-windows-ix86+x86_64, r-release-macos-x86_64, r-release-windows-ix86+x86_64, r-oldrel-macos-x86_64, r-oldrel-windows-ix86+x86_64