CRAN Package Check Results for Package DstarM

Last updated on 2020-12-31 00:46:41 CET.

Flavor Version Tinstall Tcheck Ttotal Status Flags
r-devel-linux-x86_64-debian-clang 0.4.0 45.03 88.05 133.08 OK
r-devel-linux-x86_64-debian-gcc 0.4.0 31.41 66.64 98.05 OK
r-devel-linux-x86_64-fedora-clang 0.4.0 177.57 NOTE
r-devel-linux-x86_64-fedora-gcc 0.4.0 159.43 NOTE
r-devel-windows-ix86+x86_64 0.4.0 97.00 161.00 258.00 OK
r-patched-linux-x86_64 0.4.0 35.94 80.83 116.77 OK
r-patched-solaris-x86 0.4.0 198.00 NOTE
r-release-linux-x86_64 0.4.0 37.16 80.87 118.03 OK
r-release-macos-x86_64 0.4.0 NOTE
r-release-windows-ix86+x86_64 0.4.0 100.00 161.00 261.00 OK
r-oldrel-macos-x86_64 0.4.0 NOTE
r-oldrel-windows-ix86+x86_64 0.4.0 61.00 116.00 177.00 OK

Check Details

Version: 0.4.0
Check: dependencies in R code
Result: NOTE
    Namespace in Imports field not imported from: ‘Rcpp’
     All declared Imports should be used.
Flavors: r-devel-linux-x86_64-fedora-clang, r-devel-linux-x86_64-fedora-gcc, r-patched-solaris-x86, r-release-macos-x86_64, r-oldrel-macos-x86_64