CRAN Package Check Results for Package DiffusionRgqd

Last updated on 2020-12-31 00:46:41 CET.

Flavor Version Tinstall Tcheck Ttotal Status Flags
r-devel-linux-x86_64-debian-clang 0.1.3 44.79 97.26 142.05 OK
r-devel-linux-x86_64-debian-gcc 0.1.3 29.19 74.72 103.91 OK
r-devel-linux-x86_64-fedora-clang 0.1.3 186.01 NOTE
r-devel-linux-x86_64-fedora-gcc 0.1.3 171.17 NOTE
r-devel-windows-ix86+x86_64 0.1.3 90.00 138.00 228.00 NOTE
r-patched-linux-x86_64 0.1.3 36.88 91.51 128.39 OK
r-patched-solaris-x86 0.1.3 186.60 NOTE
r-release-linux-x86_64 0.1.3 34.89 92.34 127.23 OK
r-release-macos-x86_64 0.1.3 NOTE
r-release-windows-ix86+x86_64 0.1.3 92.00 145.00 237.00 NOTE
r-oldrel-macos-x86_64 0.1.3 WARN
r-oldrel-windows-ix86+x86_64 0.1.3 56.00 99.00 155.00 NOTE

Check Details

Version: 0.1.3
Check: installed package size
Result: NOTE
     installed size is 6.9Mb
     sub-directories of 1Mb or more:
     doc 5.2Mb
Flavors: r-devel-linux-x86_64-fedora-clang, r-devel-windows-ix86+x86_64, r-patched-solaris-x86, r-release-macos-x86_64, r-release-windows-ix86+x86_64, r-oldrel-macos-x86_64, r-oldrel-windows-ix86+x86_64

Version: 0.1.3
Check: compiled code
Result: NOTE
    File ‘DiffusionRgqd/libs/DiffusionRgqd.so’:
     Found no calls to: ‘R_registerRoutines’, ‘R_useDynamicSymbols’
    
    It is good practice to register native routines and to disable symbol
    search.
    
    See ‘Writing portable packages’ in the ‘Writing R Extensions’ manual.
Flavors: r-devel-linux-x86_64-fedora-clang, r-devel-linux-x86_64-fedora-gcc

Version: 0.1.3
Check: whether package can be installed
Result: WARN
    Found the following significant warnings:
     Warning: 'rgl_init' failed, running with rgl.useNULL = TRUE
Flavor: r-oldrel-macos-x86_64