Last updated on 2020-12-31 00:46:41 CET.
Flavor | Version | Tinstall | Tcheck | Ttotal | Status | Flags |
---|---|---|---|---|---|---|
r-devel-linux-x86_64-debian-clang | 1.0.6.1 | 20.66 | 238.48 | 259.14 | OK | |
r-devel-linux-x86_64-debian-gcc | 1.0.6.1 | 19.50 | 178.33 | 197.83 | OK | |
r-devel-linux-x86_64-fedora-clang | 1.0.6.1 | 312.08 | NOTE | |||
r-devel-linux-x86_64-fedora-gcc | 1.0.6.1 | 308.32 | NOTE | |||
r-devel-windows-ix86+x86_64 | 1.0.6.1 | 39.00 | 314.00 | 353.00 | NOTE | |
r-patched-linux-x86_64 | 1.0.6.1 | 20.38 | 234.69 | 255.07 | OK | |
r-patched-solaris-x86 | 1.0.6.1 | 357.50 | WARN | |||
r-release-linux-x86_64 | 1.0.6.1 | 21.45 | 232.86 | 254.31 | OK | |
r-release-macos-x86_64 | 1.0.6.1 | WARN | ||||
r-release-windows-ix86+x86_64 | 1.0.6.1 | 37.00 | 248.00 | 285.00 | NOTE | |
r-oldrel-macos-x86_64 | 1.0.6.1 | WARN | ||||
r-oldrel-windows-ix86+x86_64 | 1.0.6.1 | 26.00 | 224.00 | 250.00 | NOTE |
Version: 1.0.6.1
Check: installed package size
Result: NOTE
installed size is 14.2Mb
sub-directories of 1Mb or more:
doc 9.7Mb
htmlwidgets 2.9Mb
Flavors: r-devel-linux-x86_64-fedora-clang, r-devel-windows-ix86+x86_64, r-patched-solaris-x86, r-release-macos-x86_64, r-release-windows-ix86+x86_64, r-oldrel-macos-x86_64, r-oldrel-windows-ix86+x86_64
Version: 1.0.6.1
Check: data for non-ASCII characters
Result: NOTE
Note: found 1 marked UTF-8 string
Flavors: r-devel-linux-x86_64-fedora-clang, r-devel-linux-x86_64-fedora-gcc, r-patched-solaris-x86, r-release-macos-x86_64, r-oldrel-macos-x86_64
Version: 1.0.6.1
Check: package dependencies
Result: NOTE
Package suggested but not available for checking: ‘rsvg’
Flavor: r-patched-solaris-x86
Version: 1.0.6.1
Check: re-building of vignette outputs
Result: WARN
Error(s) in re-building vignettes:
...
--- re-building ‘graphviz-mermaid.Rmd’ using rmarkdown
Warning in engine$weave(file, quiet = quiet, encoding = enc) :
Pandoc (>= 1.12.3) and/or pandoc-citeproc not available. Falling back to R Markdown v1.
Quitting from lines 57-79 (graphviz-mermaid.Rmd)
Error: processing vignette 'graphviz-mermaid.Rmd' failed with diagnostics:
there is no package called 'webshot'
--- failed re-building ‘graphviz-mermaid.Rmd’
--- re-building ‘node-edge-data-frames.Rmd’ using rmarkdown
Warning in engine$weave(file, quiet = quiet, encoding = enc) :
Pandoc (>= 1.12.3) and/or pandoc-citeproc not available. Falling back to R Markdown v1.
--- finished re-building ‘node-edge-data-frames.Rmd’
--- re-building ‘selections.Rmd’ using rmarkdown
Warning in engine$weave(file, quiet = quiet, encoding = enc) :
Pandoc (>= 1.12.3) and/or pandoc-citeproc not available. Falling back to R Markdown v1.
Quitting from lines 317-356 (selections.Rmd)
Error: processing vignette 'selections.Rmd' failed with diagnostics:
there is no package called 'webshot'
--- failed re-building ‘selections.Rmd’
--- re-building ‘simple-graphs-ndfs-edfs.Rmd’ using rmarkdown
Warning in engine$weave(file, quiet = quiet, encoding = enc) :
Pandoc (>= 1.12.3) and/or pandoc-citeproc not available. Falling back to R Markdown v1.
Quitting from lines 165-166 (simple-graphs-ndfs-edfs.Rmd)
Error: processing vignette 'simple-graphs-ndfs-edfs.Rmd' failed with diagnostics:
there is no package called 'webshot'
--- failed re-building ‘simple-graphs-ndfs-edfs.Rmd’
--- re-building ‘traversals.Rmd’ using rmarkdown
Warning in engine$weave(file, quiet = quiet, encoding = enc) :
Pandoc (>= 1.12.3) and/or pandoc-citeproc not available. Falling back to R Markdown v1.
Quitting from lines 102-116 (traversals.Rmd)
Error: processing vignette 'traversals.Rmd' failed with diagnostics:
there is no package called 'webshot'
--- failed re-building ‘traversals.Rmd’
SUMMARY: processing the following files failed:
‘graphviz-mermaid.Rmd’ ‘selections.Rmd’ ‘simple-graphs-ndfs-edfs.Rmd’
‘traversals.Rmd’
Error: Vignette re-building failed.
Execution halted
Flavor: r-patched-solaris-x86
Version: 1.0.6.1
Check: re-building of vignette outputs
Result: WARN
Error(s) in re-building vignettes:
--- re-building ‘graphviz-mermaid.Rmd’ using rmarkdown
Warning in engine$weave(file, quiet = quiet, encoding = enc) :
Pandoc (>= 1.12.3) and/or pandoc-citeproc not available. Falling back to R Markdown v1.
Quitting from lines 57-79 (graphviz-mermaid.Rmd)
Error: processing vignette 'graphviz-mermaid.Rmd' failed with diagnostics:
cannot open the connection
--- failed re-building ‘graphviz-mermaid.Rmd’
--- re-building ‘node-edge-data-frames.Rmd’ using rmarkdown
Warning in engine$weave(file, quiet = quiet, encoding = enc) :
Pandoc (>= 1.12.3) and/or pandoc-citeproc not available. Falling back to R Markdown v1.
--- finished re-building ‘node-edge-data-frames.Rmd’
--- re-building ‘selections.Rmd’ using rmarkdown
Warning in engine$weave(file, quiet = quiet, encoding = enc) :
Pandoc (>= 1.12.3) and/or pandoc-citeproc not available. Falling back to R Markdown v1.
Quitting from lines 317-356 (selections.Rmd)
Error: processing vignette 'selections.Rmd' failed with diagnostics:
cannot open the connection
--- failed re-building ‘selections.Rmd’
--- re-building ‘simple-graphs-ndfs-edfs.Rmd’ using rmarkdown
Warning in engine$weave(file, quiet = quiet, encoding = enc) :
Pandoc (>= 1.12.3) and/or pandoc-citeproc not available. Falling back to R Markdown v1.
Quitting from lines 165-166 (simple-graphs-ndfs-edfs.Rmd)
Error: processing vignette 'simple-graphs-ndfs-edfs.Rmd' failed with diagnostics:
cannot open the connection
--- failed re-building ‘simple-graphs-ndfs-edfs.Rmd’
--- re-building ‘traversals.Rmd’ using rmarkdown
Warning in engine$weave(file, quiet = quiet, encoding = enc) :
Pandoc (>= 1.12.3) and/or pandoc-citeproc not available. Falling back to R Markdown v1.
Quitting from lines 102-116 (traversals.Rmd)
Error: processing vignette 'traversals.Rmd' failed with diagnostics:
cannot open the connection
--- failed re-building ‘traversals.Rmd’
SUMMARY: processing the following files failed:
‘graphviz-mermaid.Rmd’ ‘selections.Rmd’ ‘simple-graphs-ndfs-edfs.Rmd’
‘traversals.Rmd’
Error: Vignette re-building failed.
Execution halted
Flavors: r-release-macos-x86_64, r-oldrel-macos-x86_64