Last updated on 2020-12-31 00:46:41 CET.
Flavor | Version | Tinstall | Tcheck | Ttotal | Status | Flags |
---|---|---|---|---|---|---|
r-devel-linux-x86_64-debian-clang | 0.0.5 | 53.21 | 37.88 | 91.09 | OK | |
r-devel-linux-x86_64-debian-gcc | 0.0.5 | 42.53 | 31.32 | 73.85 | OK | |
r-devel-linux-x86_64-fedora-clang | 0.0.5 | 137.59 | NOTE | |||
r-devel-linux-x86_64-fedora-gcc | 0.0.5 | 120.62 | OK | |||
r-devel-windows-ix86+x86_64 | 0.0.5 | 110.00 | 80.00 | 190.00 | OK | |
r-patched-linux-x86_64 | 0.0.5 | 47.81 | 38.54 | 86.35 | OK | |
r-patched-solaris-x86 | 0.0.5 | 113.20 | OK | |||
r-release-linux-x86_64 | 0.0.5 | 46.05 | 38.52 | 84.57 | OK | |
r-release-macos-x86_64 | 0.0.5 | NOTE | ||||
r-release-windows-ix86+x86_64 | 0.0.5 | 112.00 | 85.00 | 197.00 | OK | |
r-oldrel-macos-x86_64 | 0.0.5 | NOTE | ||||
r-oldrel-windows-ix86+x86_64 | 0.0.5 | 76.00 | 52.00 | 128.00 | OK |
Version: 0.0.5
Check: installed package size
Result: NOTE
installed size is 18.7Mb
sub-directories of 1Mb or more:
libs 17.9Mb
Flavors: r-devel-linux-x86_64-fedora-clang, r-release-macos-x86_64, r-oldrel-macos-x86_64