Last updated on 2020-12-31 00:46:41 CET.
Flavor | Version | Tinstall | Tcheck | Ttotal | Status | Flags |
---|---|---|---|---|---|---|
r-devel-linux-x86_64-debian-clang | 1.0.0 | 4.85 | 67.23 | 72.08 | OK | |
r-devel-linux-x86_64-debian-gcc | 1.0.0 | 3.89 | 52.59 | 56.48 | OK | |
r-devel-linux-x86_64-fedora-clang | 1.0.0 | 95.63 | NOTE | |||
r-devel-linux-x86_64-fedora-gcc | 1.0.0 | 86.62 | NOTE | |||
r-devel-windows-ix86+x86_64 | 1.0.0 | 9.00 | 89.00 | 98.00 | OK | |
r-patched-linux-x86_64 | 1.0.0 | 5.30 | 67.38 | 72.68 | OK | |
r-patched-solaris-x86 | 1.0.0 | 107.60 | NOTE | |||
r-release-linux-x86_64 | 1.0.0 | 5.35 | 66.12 | 71.47 | OK | |
r-release-macos-x86_64 | 1.0.0 | NOTE | ||||
r-release-windows-ix86+x86_64 | 1.0.0 | 9.00 | 94.00 | 103.00 | OK | |
r-oldrel-macos-x86_64 | 1.0.0 | NOTE | ||||
r-oldrel-windows-ix86+x86_64 | 1.0.0 | 6.00 | 66.00 | 72.00 | OK |
Version: 1.0.0
Check: dependencies in R code
Result: NOTE
Namespaces in Imports field not imported from:
‘ncdf4’ ‘rgdal’
All declared Imports should be used.
Flavors: r-devel-linux-x86_64-fedora-clang, r-devel-linux-x86_64-fedora-gcc, r-patched-solaris-x86, r-release-macos-x86_64, r-oldrel-macos-x86_64