CRAN Package Check Results for Package DRaWR

Last updated on 2020-12-31 00:46:41 CET.

Flavor Version Tinstall Tcheck Ttotal Status Flags
r-devel-linux-x86_64-debian-clang 1.0.1 8.18 61.85 70.03 NOTE
r-devel-linux-x86_64-debian-gcc 1.0.1 5.67 48.82 54.49 NOTE
r-devel-linux-x86_64-fedora-clang 1.0.1 93.54 NOTE
r-devel-linux-x86_64-fedora-gcc 1.0.1 82.04 NOTE
r-devel-windows-ix86+x86_64 1.0.1 17.00 78.00 95.00 NOTE
r-patched-linux-x86_64 1.0.1 6.94 59.07 66.01 NOTE
r-patched-solaris-x86 1.0.1 121.00 NOTE
r-release-linux-x86_64 1.0.1 7.25 58.09 65.34 NOTE
r-release-macos-x86_64 1.0.1 NOTE
r-release-windows-ix86+x86_64 1.0.1 16.00 62.00 78.00 NOTE
r-oldrel-macos-x86_64 1.0.1 NOTE
r-oldrel-windows-ix86+x86_64 1.0.1 9.00 55.00 64.00 NOTE

Check Details

Version: 1.0.1
Check: R code for possible problems
Result: NOTE
    DRaWR: no visible global function definition for 'write.table'
    DRaWR: no visible global function definition for 'read.table'
    DRaWR: no visible global function definition for 'aggregate'
    DRaWR: no visible global function definition for 'slot'
    Undefined global functions or variables:
     aggregate read.table slot write.table
    Consider adding
     importFrom("methods", "slot")
     importFrom("stats", "aggregate")
     importFrom("utils", "read.table", "write.table")
    to your NAMESPACE file (and ensure that your DESCRIPTION Imports field
    contains 'methods').
Flavors: r-devel-linux-x86_64-debian-clang, r-devel-linux-x86_64-debian-gcc, r-devel-linux-x86_64-fedora-clang, r-devel-linux-x86_64-fedora-gcc, r-devel-windows-ix86+x86_64, r-patched-linux-x86_64, r-patched-solaris-x86, r-release-linux-x86_64, r-release-macos-x86_64, r-release-windows-ix86+x86_64, r-oldrel-macos-x86_64, r-oldrel-windows-ix86+x86_64

Version: 1.0.1
Check: for non-standard things in the check directory
Result: NOTE
    Found the following files/directories:
     'output_sample.uni.sample.undir.weight.type.50.1e-04.0.7.base'
     'output_sample.uni.sample.undir.weight.type.50.1e-04.1.1.0.7.sample.setlist.stats'
Flavors: r-devel-linux-x86_64-debian-clang, r-devel-linux-x86_64-debian-gcc, r-devel-linux-x86_64-fedora-clang, r-devel-linux-x86_64-fedora-gcc, r-patched-linux-x86_64, r-patched-solaris-x86, r-release-linux-x86_64