Last updated on 2020-12-31 00:46:39 CET.
Flavor | Version | Tinstall | Tcheck | Ttotal | Status | Flags |
---|---|---|---|---|---|---|
r-devel-linux-x86_64-debian-clang | 1.3.4.1 | 20.75 | 116.30 | 137.05 | OK | |
r-devel-linux-x86_64-debian-gcc | 1.3.4.1 | 15.25 | 84.77 | 100.02 | OK | |
r-devel-linux-x86_64-fedora-clang | 1.3.4.1 | 170.74 | WARN | |||
r-devel-linux-x86_64-fedora-gcc | 1.3.4.1 | 156.37 | OK | |||
r-devel-windows-ix86+x86_64 | 1.3.4.1 | 46.00 | 174.00 | 220.00 | OK | |
r-patched-linux-x86_64 | 1.3.4.1 | 16.31 | 104.12 | 120.43 | OK | |
r-patched-solaris-x86 | 1.3.4.1 | 231.40 | OK | |||
r-release-linux-x86_64 | 1.3.4.1 | 16.52 | 105.58 | 122.10 | OK | |
r-release-macos-x86_64 | 1.3.4.1 | OK | ||||
r-release-windows-ix86+x86_64 | 1.3.4.1 | 47.00 | 138.00 | 185.00 | OK | |
r-oldrel-macos-x86_64 | 1.3.4.1 | OK | ||||
r-oldrel-windows-ix86+x86_64 | 1.3.4.1 | 32.00 | 122.00 | 154.00 | OK |
Version: 1.3.4.1
Check: package dependencies
Result: WARN
Requires orphaned package: ‘mixture’
Flavor: r-devel-linux-x86_64-fedora-clang