CRAN Package Check Results for Package CoMiRe

Last updated on 2020-12-31 00:46:39 CET.

Flavor Version Tinstall Tcheck Ttotal Status Flags
r-devel-linux-x86_64-debian-clang 0.7 87.00 60.01 147.01 OK
r-devel-linux-x86_64-debian-gcc 0.7 52.11 45.14 97.25 OK
r-devel-linux-x86_64-fedora-clang 0.7 200.50 OK
r-devel-linux-x86_64-fedora-gcc 0.7 173.29 OK
r-devel-windows-ix86+x86_64 0.7 126.00 83.00 209.00 OK
r-patched-linux-x86_64 0.7 61.41 55.94 117.35 OK
r-patched-solaris-x86 0.7 181.90 OK
r-release-linux-x86_64 0.7 65.32 55.59 120.91 OK
r-release-macos-x86_64 0.7 OK
r-release-windows-ix86+x86_64 0.7 122.00 89.00 211.00 OK
r-oldrel-macos-x86_64 0.7 ERROR

Check Details

Version: 0.7
Check: whether package can be installed
Result: ERROR
    Installation failed.
Flavor: r-oldrel-macos-x86_64