CRAN Package Check Results for Package ClustImpute

Last updated on 2020-12-31 00:46:39 CET.

Flavor Version Tinstall Tcheck Ttotal Status Flags
r-devel-linux-x86_64-debian-clang 0.1.6 2.60 60.44 63.04 WARN
r-devel-linux-x86_64-debian-gcc 0.1.6 2.00 45.60 47.60 WARN
r-devel-linux-x86_64-fedora-clang 0.1.6 84.17 WARN
r-devel-linux-x86_64-fedora-gcc 0.1.6 74.39 WARN
r-devel-windows-ix86+x86_64 0.1.6 7.00 80.00 87.00 WARN
r-patched-linux-x86_64 0.1.6 2.61 56.54 59.15 WARN
r-patched-solaris-x86 0.1.6 122.80 WARN
r-release-linux-x86_64 0.1.6 2.45 57.23 59.68 WARN
r-release-macos-x86_64 0.1.6 OK
r-release-windows-ix86+x86_64 0.1.6 6.00 77.00 83.00 WARN
r-oldrel-macos-x86_64 0.1.6 OK
r-oldrel-windows-ix86+x86_64 0.1.6 4.00 60.00 64.00 WARN

Check Details

Version: 0.1.6
Check: re-building of vignette outputs
Result: WARN
    Error(s) in re-building vignettes:
     ...
    --- re-building 'Example_on_simulated_data.Rmd' using rmarkdown
    Quitting from lines 171-183 (Example_on_simulated_data.Rmd)
    Error: processing vignette 'Example_on_simulated_data.Rmd' failed with diagnostics:
    incorrect number of dimensions
    --- failed re-building 'Example_on_simulated_data.Rmd'
    
    --- re-building 'description_of_algorithm.Rnw' using Sweave
    --- finished re-building 'description_of_algorithm.Rnw'
    
    SUMMARY: processing the following file failed:
     'Example_on_simulated_data.Rmd'
    
    Error: Vignette re-building failed.
    Execution halted
Flavors: r-devel-linux-x86_64-debian-clang, r-devel-linux-x86_64-debian-gcc, r-patched-linux-x86_64, r-release-linux-x86_64

Version: 0.1.6
Check: re-building of vignette outputs
Result: WARN
    Error(s) in re-building vignettes:
    --- re-building ‘Example_on_simulated_data.Rmd’ using rmarkdown
    OMP: Warning #96: Cannot form a team with 24 threads, using 2 instead.
    OMP: Hint Consider unsetting KMP_DEVICE_THREAD_LIMIT (KMP_ALL_THREADS), KMP_TEAMS_THREAD_LIMIT, and OMP_THREAD_LIMIT (if any are set).
    Quitting from lines 171-183 (Example_on_simulated_data.Rmd)
    Error: processing vignette 'Example_on_simulated_data.Rmd' failed with diagnostics:
    incorrect number of dimensions
    --- failed re-building ‘Example_on_simulated_data.Rmd’
    
    --- re-building ‘description_of_algorithm.Rnw’ using Sweave
    --- finished re-building ‘description_of_algorithm.Rnw’
    
    SUMMARY: processing the following file failed:
     ‘Example_on_simulated_data.Rmd’
    
    Error: Vignette re-building failed.
    Execution halted
Flavor: r-devel-linux-x86_64-fedora-clang

Version: 0.1.6
Check: re-building of vignette outputs
Result: WARN
    Error(s) in re-building vignettes:
    --- re-building ‘Example_on_simulated_data.Rmd’ using rmarkdown
    Quitting from lines 171-183 (Example_on_simulated_data.Rmd)
    Error: processing vignette 'Example_on_simulated_data.Rmd' failed with diagnostics:
    incorrect number of dimensions
    --- failed re-building ‘Example_on_simulated_data.Rmd’
    
    --- re-building ‘description_of_algorithm.Rnw’ using Sweave
    --- finished re-building ‘description_of_algorithm.Rnw’
    
    SUMMARY: processing the following file failed:
     ‘Example_on_simulated_data.Rmd’
    
    Error: Vignette re-building failed.
    Execution halted
Flavors: r-devel-linux-x86_64-fedora-gcc, r-devel-windows-ix86+x86_64, r-release-windows-ix86+x86_64, r-oldrel-windows-ix86+x86_64

Version: 0.1.6
Check: re-building of vignette outputs
Result: WARN
    Error(s) in re-building vignettes:
     ...
    --- re-building ‘Example_on_simulated_data.Rmd’ using rmarkdown
    Warning in engine$weave(file, quiet = quiet, encoding = enc) :
     Pandoc (>= 1.12.3) and/or pandoc-citeproc not available. Falling back to R Markdown v1.
    Quitting from lines 171-183 (Example_on_simulated_data.Rmd)
    Error: processing vignette 'Example_on_simulated_data.Rmd' failed with diagnostics:
    incorrect number of dimensions
    --- failed re-building ‘Example_on_simulated_data.Rmd’
    
    --- re-building ‘description_of_algorithm.Rnw’ using Sweave
    --- finished re-building ‘description_of_algorithm.Rnw’
    
    SUMMARY: processing the following file failed:
     ‘Example_on_simulated_data.Rmd’
    
    Error: Vignette re-building failed.
    Execution halted
Flavor: r-patched-solaris-x86