CRAN Package Check Results for Package CensSpatial

Last updated on 2020-12-31 00:46:39 CET.

Flavor Version Tinstall Tcheck Ttotal Status Flags
r-devel-linux-x86_64-debian-clang 2.58 22.30 165.76 188.06 OK
r-devel-linux-x86_64-debian-gcc 2.58 18.12 129.92 148.04 OK
r-devel-linux-x86_64-fedora-clang 2.58 240.01 OK
r-devel-linux-x86_64-fedora-gcc 2.58 229.21 OK
r-devel-windows-ix86+x86_64 2.58 38.00 181.00 219.00 OK
r-patched-linux-x86_64 2.58 21.76 155.80 177.56 OK
r-patched-solaris-x86 2.58 364.50 OK
r-release-linux-x86_64 2.58 22.65 155.75 178.40 OK
r-release-macos-x86_64 2.58 OK
r-release-windows-ix86+x86_64 2.58 38.00 172.00 210.00 OK
r-oldrel-macos-x86_64 2.58 WARN
r-oldrel-windows-ix86+x86_64 2.58 23.00 117.00 140.00 OK

Additional issues

donttest

Check Details

Version: 2.58
Check: dependencies in R code
Result: NOTE
    No protocol specified
    No protocol specified
Flavor: r-oldrel-macos-x86_64

Version: 2.58
Check: S3 generic/method consistency
Result: WARN
    No protocol specified
    No protocol specified
    See section ‘Generic functions and methods’ in the ‘Writing R
    Extensions’ manual.
Flavor: r-oldrel-macos-x86_64

Version: 2.58
Check: replacement functions
Result: WARN
    No protocol specified
    No protocol specified
    The argument of a replacement function which corresponds to the right
    hand side must be named ‘value’.
Flavor: r-oldrel-macos-x86_64

Version: 2.58
Check: foreign function calls
Result: NOTE
    No protocol specified
    No protocol specified
    See chapter ‘System and foreign language interfaces’ in the ‘Writing R
    Extensions’ manual.
Flavor: r-oldrel-macos-x86_64

Version: 2.58
Check: R code for possible problems
Result: NOTE
    No protocol specified
    No protocol specified
Flavor: r-oldrel-macos-x86_64

Version: 2.58
Check: for missing documentation entries
Result: WARN
    No protocol specified
    No protocol specified
    All user-level objects in a package should have documentation entries.
    See chapter ‘Writing R documentation files’ in the ‘Writing R
    Extensions’ manual.
Flavor: r-oldrel-macos-x86_64

Version: 2.58
Check: for code/documentation mismatches
Result: WARN
    No protocol specified
    No protocol specified
    No protocol specified
    No protocol specified
    No protocol specified
    No protocol specified
Flavor: r-oldrel-macos-x86_64

Version: 2.58
Check: Rd \usage sections
Result: NOTE
    No protocol specified
    No protocol specified
    The \usage entries for S3 methods should use the \method markup and not
    their full name.
    See chapter ‘Writing R documentation files’ in the ‘Writing R
    Extensions’ manual.
Flavor: r-oldrel-macos-x86_64