Last updated on 2020-12-31 00:46:39 CET.
Flavor | Version | Tinstall | Tcheck | Ttotal | Status | Flags |
---|---|---|---|---|---|---|
r-devel-linux-x86_64-debian-clang | 0.0.3 | 144.27 | 113.42 | 257.69 | NOTE | |
r-devel-linux-x86_64-debian-gcc | 0.0.3 | 118.64 | 89.09 | 207.73 | NOTE | |
r-devel-linux-x86_64-fedora-clang | 0.0.3 | 344.08 | NOTE | |||
r-devel-linux-x86_64-fedora-gcc | 0.0.3 | 344.98 | NOTE | |||
r-devel-windows-ix86+x86_64 | 0.0.3 | 313.00 | 251.00 | 564.00 | NOTE | |
r-patched-linux-x86_64 | 0.0.3 | 103.48 | 110.67 | 214.15 | NOTE | |
r-patched-solaris-x86 | 0.0.3 | 389.40 | NOTE | |||
r-release-linux-x86_64 | 0.0.3 | 100.83 | 109.97 | 210.80 | NOTE | |
r-release-macos-x86_64 | 0.0.3 | NOTE | ||||
r-release-windows-ix86+x86_64 | 0.0.3 | 311.00 | 249.00 | 560.00 | NOTE | |
r-oldrel-macos-x86_64 | 0.0.3 | NOTE | ||||
r-oldrel-windows-ix86+x86_64 | 0.0.3 | 202.00 | 173.00 | 375.00 | NOTE |
Version: 0.0.3
Check: for GNU extensions in Makefiles
Result: NOTE
GNU make is a SystemRequirements.
Flavors: r-devel-linux-x86_64-debian-clang, r-devel-linux-x86_64-debian-gcc, r-devel-linux-x86_64-fedora-clang, r-devel-linux-x86_64-fedora-gcc, r-devel-windows-ix86+x86_64, r-patched-linux-x86_64, r-patched-solaris-x86, r-release-linux-x86_64, r-release-macos-x86_64, r-release-windows-ix86+x86_64, r-oldrel-macos-x86_64, r-oldrel-windows-ix86+x86_64
Version: 0.0.3
Check: installed package size
Result: NOTE
installed size is 33.9Mb
sub-directories of 1Mb or more:
libs 33.3Mb
Flavors: r-devel-linux-x86_64-fedora-clang, r-release-macos-x86_64, r-oldrel-macos-x86_64