CRAN Package Check Results for Package CatEncoders

Last updated on 2020-12-31 00:46:38 CET.

Flavor Version Tinstall Tcheck Ttotal Status Flags
r-devel-linux-x86_64-debian-clang 0.1.1 2.58 28.82 31.40 OK
r-devel-linux-x86_64-debian-gcc 0.1.1 1.98 21.99 23.97 OK
r-devel-linux-x86_64-fedora-clang 0.1.1 46.41 NOTE
r-devel-linux-x86_64-fedora-gcc 0.1.1 36.15 NOTE
r-devel-windows-ix86+x86_64 0.1.1 5.00 48.00 53.00 OK
r-patched-linux-x86_64 0.1.1 2.34 27.20 29.54 OK
r-patched-solaris-x86 0.1.1 57.30 NOTE
r-release-linux-x86_64 0.1.1 2.74 26.86 29.60 OK
r-release-macos-x86_64 0.1.1 NOTE
r-release-windows-ix86+x86_64 0.1.1 5.00 34.00 39.00 OK
r-oldrel-macos-x86_64 0.1.1 NOTE
r-oldrel-windows-ix86+x86_64 0.1.1 4.00 29.00 33.00 OK

Check Details

Version: 0.1.1
Check: dependencies in R code
Result: NOTE
    Namespace in Imports field not imported from: ‘Matrix’
     All declared Imports should be used.
Flavors: r-devel-linux-x86_64-fedora-clang, r-devel-linux-x86_64-fedora-gcc, r-patched-solaris-x86, r-release-macos-x86_64, r-oldrel-macos-x86_64