CRAN Package Check Results for Package CISE

Last updated on 2020-12-31 00:46:39 CET.

Flavor Version Tinstall Tcheck Ttotal Status Flags
r-devel-linux-x86_64-debian-clang 0.1.0 8.63 86.73 95.36 NOTE
r-devel-linux-x86_64-debian-gcc 0.1.0 8.03 65.80 73.83 NOTE
r-devel-linux-x86_64-fedora-clang 0.1.0 125.36 OK
r-devel-linux-x86_64-fedora-gcc 0.1.0 117.72 OK
r-devel-windows-ix86+x86_64 0.1.0 19.00 110.00 129.00 NOTE
r-patched-linux-x86_64 0.1.0 8.10 83.60 91.70 NOTE
r-patched-solaris-x86 0.1.0 192.10 OK
r-release-linux-x86_64 0.1.0 7.77 82.39 90.16 NOTE
r-release-macos-x86_64 0.1.0 OK
r-release-windows-ix86+x86_64 0.1.0 19.00 83.00 102.00 NOTE
r-oldrel-macos-x86_64 0.1.0 OK
r-oldrel-windows-ix86+x86_64 0.1.0 13.00 75.00 88.00 OK

Check Details

Version: 0.1.0
Check: package vignettes
Result: NOTE
    Package vignette with placeholder title 'Vignette Title':
     'CISE_vignette.Rmd'
Flavors: r-devel-linux-x86_64-debian-clang, r-devel-linux-x86_64-debian-gcc, r-devel-windows-ix86+x86_64, r-patched-linux-x86_64, r-release-linux-x86_64, r-release-windows-ix86+x86_64