CRAN Package Check Results for Package CFC

Last updated on 2020-12-31 00:46:39 CET.

Flavor Version Tinstall Tcheck Ttotal Status Flags
r-devel-linux-x86_64-debian-clang 1.1.2 46.62 82.35 128.97 OK
r-devel-linux-x86_64-debian-gcc 1.1.2 28.57 63.85 92.42 OK
r-devel-linux-x86_64-fedora-clang 1.1.2 169.97 OK
r-devel-linux-x86_64-fedora-gcc 1.1.2 152.09 OK
r-devel-windows-ix86+x86_64 1.1.2 92.00 140.00 232.00 OK --no-vignettes
r-patched-linux-x86_64 1.1.2 32.79 78.33 111.12 OK
r-patched-solaris-x86 1.1.2 187.90 OK
r-release-linux-x86_64 1.1.2 33.69 77.17 110.86 WARN
r-release-macos-x86_64 1.1.2 OK
r-release-windows-ix86+x86_64 1.1.2 93.00 106.00 199.00 OK --no-vignettes
r-oldrel-macos-x86_64 1.1.2 OK
r-oldrel-windows-ix86+x86_64 1.1.2 57.00 91.00 148.00 OK --no-vignettes

Check Details

Version: 1.1.2
Check: re-building of vignette outputs
Result: WARN
    Error(s) in re-building vignettes:
     ...
    --- re-building ‘cfc.Rnw’ using Sweave
    Error: processing vignette 'cfc.Rnw' failed with diagnostics:
    Running ‘texi2dvi’ on ‘cfc.tex’ failed.
    LaTeX errors:
    ! Undefined control sequence.
    \hyper@linkurl ...tionraw >>}\relax \Hy@colorlink
     \@urlcolor #1\Hy@xspace@en...
    l.92 \begin{document}
    
    ! Undefined control sequence.
    \close@pdflink ->\Hy@endcolorlink
     \Hy@VerboseLinkStop \pdfendlink
    l.92 \begin{document}
    
    --- failed re-building 'cfc.Rnw'
    
    SUMMARY: processing the following file failed:
     'cfc.Rnw'
    
    Error: Vignette re-building failed.
    Execution halted
Flavor: r-release-linux-x86_64