CRAN Package Check Results for Package CASMAP

Last updated on 2020-12-31 00:46:38 CET.

Flavor Version Tinstall Tcheck Ttotal Status Flags
r-devel-linux-x86_64-debian-clang 0.6.1 66.73 34.57 101.30 OK
r-devel-linux-x86_64-debian-gcc 0.6.1 42.42 27.40 69.82 OK
r-devel-linux-x86_64-fedora-clang 0.6.1 166.41 NOTE
r-devel-linux-x86_64-fedora-gcc 0.6.1 122.82 OK
r-devel-windows-ix86+x86_64 0.6.1 147.00 78.00 225.00 OK
r-patched-linux-x86_64 0.6.1 53.82 33.82 87.64 OK
r-patched-solaris-x86 0.6.1 137.10 OK
r-release-linux-x86_64 0.6.1 54.68 33.94 88.62 OK
r-release-macos-x86_64 0.6.1 NOTE
r-release-windows-ix86+x86_64 0.6.1 147.00 78.00 225.00 OK
r-oldrel-macos-x86_64 0.6.1 NOTE
r-oldrel-windows-ix86+x86_64 0.6.1 104.00 54.00 158.00 OK

Check Details

Version: 0.6.1
Check: installed package size
Result: NOTE
     installed size is 6.0Mb
     sub-directories of 1Mb or more:
     libs 5.2Mb
Flavors: r-devel-linux-x86_64-fedora-clang, r-release-macos-x86_64, r-oldrel-macos-x86_64