CRAN Package Check Results for Package CA3variants

Last updated on 2020-12-31 00:46:38 CET.

Flavor Version Tinstall Tcheck Ttotal Status Flags
r-devel-linux-x86_64-debian-clang 3.0 12.94 87.09 100.03 OK
r-devel-linux-x86_64-debian-gcc 3.0 8.78 65.06 73.84 OK
r-devel-linux-x86_64-fedora-clang 3.0 126.32 WARN
r-devel-linux-x86_64-fedora-gcc 3.0 115.70 OK
r-devel-windows-ix86+x86_64 3.0 24.00 107.00 131.00 OK
r-patched-linux-x86_64 3.0 11.28 82.04 93.32 OK
r-patched-solaris-x86 3.0 172.50 OK
r-release-linux-x86_64 3.0 9.40 81.31 90.71 OK
r-release-macos-x86_64 3.0 OK
r-release-windows-ix86+x86_64 3.0 24.00 113.00 137.00 OK
r-oldrel-macos-x86_64 3.0 OK
r-oldrel-windows-ix86+x86_64 3.0 15.00 77.00 92.00 OK

Check Details

Version: 3.0
Check: package dependencies
Result: WARN
    Requires orphaned package: ‘plotly’
Flavor: r-devel-linux-x86_64-fedora-clang