CRAN Package Check Results for Package BuyseTest

Last updated on 2020-12-31 00:46:38 CET.

Flavor Version Tinstall Tcheck Ttotal Status Flags
r-devel-linux-x86_64-debian-clang 2.1.3 68.49 232.53 301.02 ERROR
r-devel-linux-x86_64-debian-gcc 2.1.3 56.29 158.25 214.54 ERROR
r-devel-linux-x86_64-fedora-clang 2.1.3 342.06 ERROR
r-devel-linux-x86_64-fedora-gcc 2.1.3 314.09 ERROR
r-devel-windows-ix86+x86_64 2.1.3 151.00 158.00 309.00 OK --no-examples --no-tests --no-vignettes
r-patched-linux-x86_64 2.1.3 61.88 185.41 247.29 ERROR
r-patched-solaris-x86 2.1.3 329.00 ERROR
r-release-linux-x86_64 2.1.3 64.18 184.96 249.14 ERROR
r-release-macos-x86_64 2.1.3 NOTE
r-release-windows-ix86+x86_64 2.1.3 150.00 115.00 265.00 OK --no-examples --no-tests --no-vignettes
r-oldrel-macos-x86_64 2.1.3 NOTE
r-oldrel-windows-ix86+x86_64 2.1.3 95.00 101.00 196.00 OK --no-examples --no-tests --no-vignettes

Check Details

Version: 2.1.3
Check: tests
Result: ERROR
     Running 'testthat.R' [100s/66s]
    Running the tests in 'tests/testthat.R' failed.
    Complete output:
     > ## * load packages
     > library(testthat)
     > library(BuyseTest)
     Loading required package: Rcpp
     BuyseTest version 2.1.3
     >
     > library(lava)
    
     Attaching package: 'lava'
    
     The following object is masked from 'package:testthat':
    
     compare
    
     > library(data.table)
     > library(survival)
     > library(riskRegression)
     riskRegression version 2020.12.08
    
     Attaching package: 'riskRegression'
    
     The following objects are masked from 'package:BuyseTest':
    
     boot2pvalue, discreteRoot
    
     > library(prodlim)
     >
     > ## * run tests
     > ## setwd("~/Documents/GitHub/BuyseTest/tests/")
     > ## source("~/Documents/GitHub/BuyseTest/tests/testthat/test-BuyseTest-engine.R")
     > test_check("BuyseTest")
     == Skipped tests ===============================================================
     * empty test (1)
    
     == Failed tests ================================================================
     -- Failure (test-iid-prodlim.R:47:5): iid with 1 strata variable ---------------
     unname(iid.BT$IFsurvival[[1]]) not equal to unname(iid.RR$IFsurvival[[1]]).
     Lengths differ: 13400 is not 67
     -- Failure (test-iid-prodlim.R:48:5): iid with 1 strata variable ---------------
     unname(iid.BT$IFsurvival[[2]]) not equal to unname(iid.RR$IFsurvival[[2]]).
     Lengths differ: 14000 is not 70
    
     [ FAIL 2 | WARN 0 | SKIP 1 | PASS 798 ]
     Error: Test failures
     Execution halted
Flavor: r-devel-linux-x86_64-debian-clang

Version: 2.1.3
Check: tests
Result: ERROR
     Running ‘testthat.R’ [62s/109s]
    Running the tests in ‘tests/testthat.R’ failed.
    Complete output:
     > ## * load packages
     > library(testthat)
     > library(BuyseTest)
     Loading required package: Rcpp
     BuyseTest version 2.1.3
     >
     > library(lava)
    
     Attaching package: 'lava'
    
     The following object is masked from 'package:testthat':
    
     compare
    
     > library(data.table)
     > library(survival)
     > library(riskRegression)
     riskRegression version 2020.12.08
    
     Attaching package: 'riskRegression'
    
     The following objects are masked from 'package:BuyseTest':
    
     boot2pvalue, discreteRoot
    
     > library(prodlim)
     >
     > ## * run tests
     > ## setwd("~/Documents/GitHub/BuyseTest/tests/")
     > ## source("~/Documents/GitHub/BuyseTest/tests/testthat/test-BuyseTest-engine.R")
     > test_check("BuyseTest")
     ══ Skipped tests ═══════════════════════════════════════════════════════════════
     ● empty test (1)
    
     ══ Failed tests ════════════════════════════════════════════════════════════════
     ── Failure (test-iid-prodlim.R:47:5): iid with 1 strata variable ───────────────
     unname(iid.BT$IFsurvival[[1]]) not equal to unname(iid.RR$IFsurvival[[1]]).
     Lengths differ: 13400 is not 67
     ── Failure (test-iid-prodlim.R:48:5): iid with 1 strata variable ───────────────
     unname(iid.BT$IFsurvival[[2]]) not equal to unname(iid.RR$IFsurvival[[2]]).
     Lengths differ: 14000 is not 70
    
     [ FAIL 2 | WARN 0 | SKIP 1 | PASS 798 ]
     Error: Test failures
     Execution halted
Flavor: r-devel-linux-x86_64-debian-gcc

Version: 2.1.3
Check: installed package size
Result: NOTE
     installed size is 6.6Mb
     sub-directories of 1Mb or more:
     libs 5.6Mb
Flavors: r-devel-linux-x86_64-fedora-clang, r-release-macos-x86_64, r-oldrel-macos-x86_64

Version: 2.1.3
Check: tests
Result: ERROR
     Running ‘testthat.R’ [89s/75s]
    Running the tests in ‘tests/testthat.R’ failed.
    Complete output:
     > ## * load packages
     > library(testthat)
     > library(BuyseTest)
     Loading required package: Rcpp
     BuyseTest version 2.1.3
     >
     > library(lava)
    
     Attaching package: 'lava'
    
     The following object is masked from 'package:testthat':
    
     compare
    
     > library(data.table)
     > library(survival)
     > library(riskRegression)
     riskRegression version 2020.12.08
    
     Attaching package: 'riskRegression'
    
     The following objects are masked from 'package:BuyseTest':
    
     boot2pvalue, discreteRoot
    
     > library(prodlim)
     >
     > ## * run tests
     > ## setwd("~/Documents/GitHub/BuyseTest/tests/")
     > ## source("~/Documents/GitHub/BuyseTest/tests/testthat/test-BuyseTest-engine.R")
     > test_check("BuyseTest")
     ══ Skipped tests ═══════════════════════════════════════════════════════════════
     ● empty test (1)
    
     ══ Failed tests ════════════════════════════════════════════════════════════════
     ── Failure (test-iid-prodlim.R:47:5): iid with 1 strata variable ───────────────
     unname(iid.BT$IFsurvival[[1]]) not equal to unname(iid.RR$IFsurvival[[1]]).
     Lengths differ: 13400 is not 67
     ── Failure (test-iid-prodlim.R:48:5): iid with 1 strata variable ───────────────
     unname(iid.BT$IFsurvival[[2]]) not equal to unname(iid.RR$IFsurvival[[2]]).
     Lengths differ: 14000 is not 70
    
     [ FAIL 2 | WARN 0 | SKIP 1 | PASS 798 ]
     Error: Test failures
     Execution halted
Flavor: r-devel-linux-x86_64-fedora-clang

Version: 2.1.3
Check: tests
Result: ERROR
     Running ‘testthat.R’ [71s/80s]
    Running the tests in ‘tests/testthat.R’ failed.
    Complete output:
     > ## * load packages
     > library(testthat)
     > library(BuyseTest)
     Loading required package: Rcpp
     BuyseTest version 2.1.3
     >
     > library(lava)
    
     Attaching package: 'lava'
    
     The following object is masked from 'package:testthat':
    
     compare
    
     > library(data.table)
     > library(survival)
     > library(riskRegression)
     riskRegression version 2020.12.08
    
     Attaching package: 'riskRegression'
    
     The following objects are masked from 'package:BuyseTest':
    
     boot2pvalue, discreteRoot
    
     > library(prodlim)
     >
     > ## * run tests
     > ## setwd("~/Documents/GitHub/BuyseTest/tests/")
     > ## source("~/Documents/GitHub/BuyseTest/tests/testthat/test-BuyseTest-engine.R")
     > test_check("BuyseTest")
     ══ Skipped tests ═══════════════════════════════════════════════════════════════
     ● empty test (1)
    
     ══ Failed tests ════════════════════════════════════════════════════════════════
     ── Failure (test-iid-prodlim.R:47:5): iid with 1 strata variable ───────────────
     unname(iid.BT$IFsurvival[[1]]) not equal to unname(iid.RR$IFsurvival[[1]]).
     Lengths differ: 13400 is not 67
     ── Failure (test-iid-prodlim.R:48:5): iid with 1 strata variable ───────────────
     unname(iid.BT$IFsurvival[[2]]) not equal to unname(iid.RR$IFsurvival[[2]]).
     Lengths differ: 14000 is not 70
    
     [ FAIL 2 | WARN 0 | SKIP 1 | PASS 798 ]
     Error: Test failures
     Execution halted
Flavor: r-devel-linux-x86_64-fedora-gcc

Version: 2.1.3
Check: tests
Result: ERROR
     Running ‘testthat.R’ [69s/76s]
    Running the tests in ‘tests/testthat.R’ failed.
    Complete output:
     > ## * load packages
     > library(testthat)
     > library(BuyseTest)
     Loading required package: Rcpp
     BuyseTest version 2.1.3
     >
     > library(lava)
    
     Attaching package: 'lava'
    
     The following object is masked from 'package:testthat':
    
     compare
    
     > library(data.table)
     > library(survival)
     > library(riskRegression)
     riskRegression version 2020.12.08
    
     Attaching package: 'riskRegression'
    
     The following objects are masked from 'package:BuyseTest':
    
     boot2pvalue, discreteRoot
    
     > library(prodlim)
     >
     > ## * run tests
     > ## setwd("~/Documents/GitHub/BuyseTest/tests/")
     > ## source("~/Documents/GitHub/BuyseTest/tests/testthat/test-BuyseTest-engine.R")
     > test_check("BuyseTest")
     ══ Skipped tests ═══════════════════════════════════════════════════════════════
     ● empty test (1)
    
     ══ Failed tests ════════════════════════════════════════════════════════════════
     ── Failure (test-iid-prodlim.R:47:5): iid with 1 strata variable ───────────────
     unname(iid.BT$IFsurvival[[1]]) not equal to unname(iid.RR$IFsurvival[[1]]).
     Lengths differ: 13400 is not 67
     ── Failure (test-iid-prodlim.R:48:5): iid with 1 strata variable ───────────────
     unname(iid.BT$IFsurvival[[2]]) not equal to unname(iid.RR$IFsurvival[[2]]).
     Lengths differ: 14000 is not 70
    
     [ FAIL 2 | WARN 0 | SKIP 1 | PASS 798 ]
     Error: Test failures
     Execution halted
Flavor: r-patched-linux-x86_64

Version: 2.1.3
Check: tests
Result: ERROR
     Running ‘testthat.R’ [74s/81s]
    Running the tests in ‘tests/testthat.R’ failed.
    Complete output:
     > ## * load packages
     > library(testthat)
     > library(BuyseTest)
     Loading required package: Rcpp
     BuyseTest version 2.1.3
     >
     > library(lava)
    
     Attaching package: 'lava'
    
     The following object is masked from 'package:testthat':
    
     compare
    
     > library(data.table)
     > library(survival)
     > library(riskRegression)
     riskRegression version 2020.12.08
    
     Attaching package: 'riskRegression'
    
     The following objects are masked from 'package:BuyseTest':
    
     boot2pvalue, discreteRoot
    
     > library(prodlim)
     >
     > ## * run tests
     > ## setwd("~/Documents/GitHub/BuyseTest/tests/")
     > ## source("~/Documents/GitHub/BuyseTest/tests/testthat/test-BuyseTest-engine.R")
     > test_check("BuyseTest")
     ══ Skipped tests ═══════════════════════════════════════════════════════════════
     ● empty test (1)
    
     ══ Failed tests ════════════════════════════════════════════════════════════════
     ── Failure (test-iid-prodlim.R:47:5): iid with 1 strata variable ───────────────
     unname(iid.BT$IFsurvival[[1]]) not equal to unname(iid.RR$IFsurvival[[1]]).
     Lengths differ: 13400 is not 67
     ── Failure (test-iid-prodlim.R:48:5): iid with 1 strata variable ───────────────
     unname(iid.BT$IFsurvival[[2]]) not equal to unname(iid.RR$IFsurvival[[2]]).
     Lengths differ: 14000 is not 70
    
     [ FAIL 2 | WARN 0 | SKIP 1 | PASS 798 ]
     Error: Test failures
     Execution halted
Flavor: r-patched-solaris-x86

Version: 2.1.3
Check: tests
Result: ERROR
     Running ‘testthat.R’ [68s/75s]
    Running the tests in ‘tests/testthat.R’ failed.
    Complete output:
     > ## * load packages
     > library(testthat)
     > library(BuyseTest)
     Loading required package: Rcpp
     BuyseTest version 2.1.3
     >
     > library(lava)
    
     Attaching package: 'lava'
    
     The following object is masked from 'package:testthat':
    
     compare
    
     > library(data.table)
     > library(survival)
     > library(riskRegression)
     riskRegression version 2020.12.08
    
     Attaching package: 'riskRegression'
    
     The following objects are masked from 'package:BuyseTest':
    
     boot2pvalue, discreteRoot
    
     > library(prodlim)
     >
     > ## * run tests
     > ## setwd("~/Documents/GitHub/BuyseTest/tests/")
     > ## source("~/Documents/GitHub/BuyseTest/tests/testthat/test-BuyseTest-engine.R")
     > test_check("BuyseTest")
     ══ Skipped tests ═══════════════════════════════════════════════════════════════
     ● empty test (1)
    
     ══ Failed tests ════════════════════════════════════════════════════════════════
     ── Failure (test-iid-prodlim.R:47:5): iid with 1 strata variable ───────────────
     unname(iid.BT$IFsurvival[[1]]) not equal to unname(iid.RR$IFsurvival[[1]]).
     Lengths differ: 13400 is not 67
     ── Failure (test-iid-prodlim.R:48:5): iid with 1 strata variable ───────────────
     unname(iid.BT$IFsurvival[[2]]) not equal to unname(iid.RR$IFsurvival[[2]]).
     Lengths differ: 14000 is not 70
    
     [ FAIL 2 | WARN 0 | SKIP 1 | PASS 798 ]
     Error: Test failures
     Execution halted
Flavor: r-release-linux-x86_64