CRAN Package Check Results for Package Brobdingnag

Last updated on 2020-12-31 00:46:38 CET.

Flavor Version Tinstall Tcheck Ttotal Status Flags
r-devel-linux-x86_64-debian-clang 1.2-6 6.69 50.99 57.68 OK
r-devel-linux-x86_64-debian-gcc 1.2-6 5.10 39.93 45.03 OK
r-devel-linux-x86_64-fedora-clang 1.2-6 79.60 OK
r-devel-linux-x86_64-fedora-gcc 1.2-6 70.82 OK
r-devel-windows-ix86+x86_64 1.2-6 15.00 82.00 97.00 OK
r-patched-linux-x86_64 1.2-6 6.00 49.65 55.65 OK
r-patched-solaris-x86 1.2-6 103.10 OK
r-release-linux-x86_64 1.2-6 6.70 49.07 55.77 WARN
r-release-macos-x86_64 1.2-6 OK
r-release-windows-ix86+x86_64 1.2-6 12.00 82.00 94.00 OK
r-oldrel-macos-x86_64 1.2-6 OK
r-oldrel-windows-ix86+x86_64 1.2-6 9.00 91.00 100.00 OK

Check Details

Version: 1.2-6
Check: re-building of vignette outputs
Result: WARN
    Error(s) in re-building vignettes:
     ...
    --- re-building ‘S4_brob.Rnw’ using Sweave
    Creating a new generic function for ‘max’ in the global environment
    Creating a new generic function for ‘min’ in the global environment
    Creating a new generic function for ‘range’ in the global environment
    Creating a new generic function for ‘prod’ in the global environment
    Creating a new generic function for ‘sum’ in the global environment
    Error: processing vignette 'S4_brob.Rnw' failed with diagnostics:
    Running ‘texi2dvi’ on ‘S4_brob.tex’ failed.
    LaTeX errors:
    ! Undefined control sequence.
    <recently read> \Hy@colorlink
    
    l.37 \begin{document}
    
    ! Undefined control sequence.
    \close@pdflink ->\Hy@endcolorlink
     \Hy@VerboseLinkStop \pdfendlink
    l.37 \begin{document}
    
    ! Undefined control sequence.
    <recently read> \Hy@colorlink
    
    l.37 \begin{document}
    
    ! Undefined control sequence.
    \close@pdflink ->\Hy@endcolorlink
     \Hy@VerboseLinkStop \pdfendlink
    l.37 \begin{document}
    
    --- failed re-building ‘S4_brob.Rnw’
    
    --- re-building ‘brobpaper.Rnw’ using Sweave
    Loading required package: Brobdingnag
    
    Attaching package: ‘Brobdingnag’
    
    The following objects are masked from ‘package:base’:
    
     max, min, prod, range, sum
    
    Error: processing vignette 'brobpaper.Rnw' failed with diagnostics:
    Running ‘texi2dvi’ on ‘brobpaper.tex’ failed.
    LaTeX errors:
    ! Undefined control sequence.
    <recently read> \Hy@colorlink
    
    l.37 \begin{document}
    
    ! Undefined control sequence.
    \close@pdflink ->\Hy@endcolorlink
     \Hy@VerboseLinkStop \pdfendlink
    l.37 \begin{document}
    
    ! Undefined control sequence.
    <recently read> \Hy@colorlink
    
    l.37 \begin{document}
    
    ! Undefined control sequence.
    \close@pdflink ->\Hy@endcolorlink
     \Hy@VerboseLinkStop \pdfendlink
    l.37 \begin{document}
    
    --- failed re-building ‘brobpaper.Rnw’
    
    SUMMARY: processing the following files failed:
     ‘S4_brob.Rnw’ ‘brobpaper.Rnw’
    
    Error: Vignette re-building failed.
    Execution halted
Flavor: r-release-linux-x86_64