CRAN Package Check Results for Package BoostMLR

Last updated on 2020-12-31 00:46:38 CET.

Flavor Version Tinstall Tcheck Ttotal Status Flags
r-devel-linux-x86_64-debian-clang 1.0.2 59.98 38.86 98.84 OK
r-devel-linux-x86_64-debian-gcc 1.0.2 47.43 30.04 77.47 OK
r-devel-linux-x86_64-fedora-clang 1.0.2 147.18 NOTE
r-devel-linux-x86_64-fedora-gcc 1.0.2 133.52 OK
r-devel-windows-ix86+x86_64 1.0.2 140.00 83.00 223.00 OK
r-patched-linux-x86_64 1.0.2 52.62 37.23 89.85 OK
r-patched-solaris-x86 1.0.2 145.40 OK
r-release-linux-x86_64 1.0.2 51.01 37.49 88.50 OK
r-release-macos-x86_64 1.0.2 NOTE
r-release-windows-ix86+x86_64 1.0.2 136.00 86.00 222.00 OK
r-oldrel-macos-x86_64 1.0.2 NOTE
r-oldrel-windows-ix86+x86_64 1.0.2 82.00 60.00 142.00 OK

Check Details

Version: 1.0.2
Check: installed package size
Result: NOTE
     installed size is 6.0Mb
     sub-directories of 1Mb or more:
     libs 5.7Mb
Flavors: r-devel-linux-x86_64-fedora-clang, r-release-macos-x86_64, r-oldrel-macos-x86_64