CRAN Package Check Results for Package BayesSPsurv

Last updated on 2020-12-31 00:46:37 CET.

Flavor Version Tinstall Tcheck Ttotal Status Flags
r-devel-linux-x86_64-debian-clang 0.1.1 54.55 105.16 159.71 OK
r-devel-linux-x86_64-debian-gcc 0.1.1 38.97 79.30 118.27 OK
r-devel-linux-x86_64-fedora-clang 0.1.1 214.80 NOTE
r-devel-linux-x86_64-fedora-gcc 0.1.1 196.16 NOTE
r-devel-windows-ix86+x86_64 0.1.1 127.00 175.00 302.00 OK
r-patched-linux-x86_64 0.1.1 43.89 98.23 142.12 OK
r-patched-solaris-x86 0.1.1 254.40 NOTE
r-release-linux-x86_64 0.1.1 45.24 97.19 142.43 OK
r-release-macos-x86_64 0.1.1 NOTE
r-release-windows-ix86+x86_64 0.1.1 131.00 181.00 312.00 OK
r-oldrel-macos-x86_64 0.1.1 NOTE
r-oldrel-windows-ix86+x86_64 0.1.1 85.00 115.00 200.00 OK

Check Details

Version: 0.1.1
Check: dependencies in R code
Result: NOTE
    Namespace in Imports field not imported from: ‘Rcpp’
     All declared Imports should be used.
Flavors: r-devel-linux-x86_64-fedora-clang, r-devel-linux-x86_64-fedora-gcc, r-patched-solaris-x86, r-release-macos-x86_64, r-oldrel-macos-x86_64