CRAN Package Check Results for Package BayesLN

Last updated on 2020-12-31 00:46:37 CET.

Flavor Version Tinstall Tcheck Ttotal Status Flags
r-devel-linux-x86_64-debian-clang 0.2.1 53.58 86.43 140.01 OK
r-devel-linux-x86_64-debian-gcc 0.2.1 36.45 67.04 103.49 OK
r-devel-linux-x86_64-fedora-clang 0.2.1 190.92 NOTE
r-devel-linux-x86_64-fedora-gcc 0.2.1 175.86 OK
r-devel-windows-ix86+x86_64 0.2.1 108.00 150.00 258.00 OK
r-patched-linux-x86_64 0.2.1 46.67 83.60 130.27 OK
r-patched-solaris-x86 0.2.1 199.00 OK
r-release-linux-x86_64 0.2.1 51.69 82.72 134.41 OK
r-release-macos-x86_64 0.2.1 NOTE
r-release-windows-ix86+x86_64 0.2.1 110.00 156.00 266.00 OK
r-oldrel-macos-x86_64 0.2.1 NOTE
r-oldrel-windows-ix86+x86_64 0.2.1 74.00 97.00 171.00 OK

Check Details

Version: 0.2.1
Check: installed package size
Result: NOTE
     installed size is 10.5Mb
     sub-directories of 1Mb or more:
     libs 10.2Mb
Flavors: r-devel-linux-x86_64-fedora-clang, r-release-macos-x86_64, r-oldrel-macos-x86_64