CRAN Package Check Results for Package BNPmix

Last updated on 2020-12-31 00:46:38 CET.

Flavor Version Tinstall Tcheck Ttotal Status Flags
r-devel-linux-x86_64-debian-clang 0.2.6 262.76 75.45 338.21 OK
r-devel-linux-x86_64-debian-gcc 0.2.6 171.16 56.31 227.47 OK
r-devel-linux-x86_64-fedora-clang 0.2.6 470.00 NOTE
r-devel-linux-x86_64-fedora-gcc 0.2.6 417.13 OK
r-devel-windows-ix86+x86_64 0.2.6 551.00 141.00 692.00 OK
r-patched-linux-x86_64 0.2.6 163.99 69.83 233.82 OK
r-patched-solaris-x86 0.2.6 387.30 OK
r-release-linux-x86_64 0.2.6 199.37 69.27 268.64 OK
r-release-macos-x86_64 0.2.6 NOTE
r-release-windows-ix86+x86_64 0.2.6 562.00 147.00 709.00 OK
r-oldrel-macos-x86_64 0.2.6 NOTE
r-oldrel-windows-ix86+x86_64 0.2.6 342.00 102.00 444.00 OK

Check Details

Version: 0.2.6
Check: installed package size
Result: NOTE
     installed size is 16.8Mb
     sub-directories of 1Mb or more:
     libs 16.5Mb
Flavors: r-devel-linux-x86_64-fedora-clang, r-release-macos-x86_64, r-oldrel-macos-x86_64