CRAN Package Check Results for Package BAREB

Last updated on 2020-12-31 00:46:37 CET.

Flavor Version Tinstall Tcheck Ttotal Status Flags
r-devel-linux-x86_64-debian-clang 0.1.0 60.01 31.90 91.91 OK
r-devel-linux-x86_64-debian-gcc 0.1.0 42.57 25.19 67.76 OK
r-devel-linux-x86_64-fedora-clang 0.1.0 137.34 NOTE
r-devel-linux-x86_64-fedora-gcc 0.1.0 116.29 OK
r-devel-windows-ix86+x86_64 0.1.0 131.00 72.00 203.00 OK
r-patched-linux-x86_64 0.1.0 43.69 31.93 75.62 OK
r-patched-solaris-x86 0.1.0 127.60 OK
r-release-linux-x86_64 0.1.0 40.88 31.07 71.95 OK
r-release-macos-x86_64 0.1.0 NOTE
r-release-windows-ix86+x86_64 0.1.0 130.00 76.00 206.00 OK
r-oldrel-macos-x86_64 0.1.0 NOTE
r-oldrel-windows-ix86+x86_64 0.1.0 76.00 56.00 132.00 OK

Additional issues

valgrind

Check Details

Version: 0.1.0
Check: installed package size
Result: NOTE
     installed size is 6.1Mb
     sub-directories of 1Mb or more:
     libs 5.6Mb
Flavors: r-devel-linux-x86_64-fedora-clang, r-release-macos-x86_64, r-oldrel-macos-x86_64