CRAN Package Check Results for Package AutoPipe

Last updated on 2020-12-31 00:46:37 CET.

Flavor Version Tinstall Tcheck Ttotal Status Flags
r-devel-linux-x86_64-debian-clang 0.1.6 13.44 133.71 147.15 OK
r-devel-linux-x86_64-debian-gcc 0.1.6 12.97 100.31 113.28 OK
r-devel-linux-x86_64-fedora-clang 0.1.6 194.78 OK
r-devel-linux-x86_64-fedora-gcc 0.1.6 176.19 OK
r-devel-windows-ix86+x86_64 0.1.6 38.00 148.00 186.00 OK
r-patched-linux-x86_64 0.1.6 10.70 128.64 139.34 OK
r-patched-solaris-x86 0.1.6 247.20 OK
r-release-linux-x86_64 0.1.6 11.32 126.51 137.83 OK
r-release-macos-x86_64 0.1.6 ERROR
r-release-windows-ix86+x86_64 0.1.6 37.00 118.00 155.00 OK
r-oldrel-macos-x86_64 0.1.6 ERROR
r-oldrel-windows-ix86+x86_64 0.1.6 23.00 106.00 129.00 OK

Check Details

Version: 0.1.6
Check: package dependencies
Result: ERROR
    Packages required but not available:
     'fgsea', 'ConsensusClusterPlus', 'clusterProfiler'
    
    See section ‘The DESCRIPTION file’ in the ‘Writing R Extensions’
    manual.
Flavor: r-release-macos-x86_64

Version: 0.1.6
Check: package dependencies
Result: ERROR
    Packages required but not available:
     'org.Hs.eg.db', 'ConsensusClusterPlus', 'clusterProfiler'
    
    See section ‘The DESCRIPTION file’ in the ‘Writing R Extensions’
    manual.
Flavor: r-oldrel-macos-x86_64