CRAN Package Check Results for Package AsyK

Last updated on 2020-12-31 00:46:37 CET.

Flavor Version Tinstall Tcheck Ttotal Status Flags
r-devel-linux-x86_64-debian-clang 1.5.4 10.93 71.66 82.59 OK
r-devel-linux-x86_64-debian-gcc 1.5.4 8.52 55.02 63.54 OK
r-devel-linux-x86_64-fedora-clang 1.5.4 115.16 OK
r-devel-linux-x86_64-fedora-gcc 1.5.4 98.98 OK
r-devel-windows-ix86+x86_64 1.5.4 19.00 84.00 103.00 OK
r-patched-linux-x86_64 1.5.4 10.88 68.55 79.43 OK
r-patched-solaris-x86 1.5.4 143.80 OK
r-release-linux-x86_64 1.5.4 11.79 67.40 79.19 OK
r-release-macos-x86_64 1.5.4 OK
r-release-windows-ix86+x86_64 1.5.4 20.00 64.00 84.00 OK
r-oldrel-macos-x86_64 1.5.4 WARN
r-oldrel-windows-ix86+x86_64 1.5.4 13.00 60.00 73.00 OK

Check Details

Version: 1.5.4
Check: dependencies in R code
Result: NOTE
    No protocol specified
    No protocol specified
Flavor: r-oldrel-macos-x86_64

Version: 1.5.4
Check: S3 generic/method consistency
Result: WARN
    No protocol specified
    No protocol specified
    See section ‘Generic functions and methods’ in the ‘Writing R
    Extensions’ manual.
Flavor: r-oldrel-macos-x86_64

Version: 1.5.4
Check: replacement functions
Result: WARN
    No protocol specified
    No protocol specified
    The argument of a replacement function which corresponds to the right
    hand side must be named ‘value’.
Flavor: r-oldrel-macos-x86_64

Version: 1.5.4
Check: foreign function calls
Result: NOTE
    No protocol specified
    No protocol specified
    See chapter ‘System and foreign language interfaces’ in the ‘Writing R
    Extensions’ manual.
Flavor: r-oldrel-macos-x86_64

Version: 1.5.4
Check: R code for possible problems
Result: NOTE
    No protocol specified
    No protocol specified
Flavor: r-oldrel-macos-x86_64

Version: 1.5.4
Check: for missing documentation entries
Result: WARN
    No protocol specified
    No protocol specified
    All user-level objects in a package should have documentation entries.
    See chapter ‘Writing R documentation files’ in the ‘Writing R
    Extensions’ manual.
Flavor: r-oldrel-macos-x86_64

Version: 1.5.4
Check: for code/documentation mismatches
Result: WARN
    No protocol specified
    No protocol specified
    No protocol specified
    No protocol specified
    No protocol specified
    No protocol specified
Flavor: r-oldrel-macos-x86_64

Version: 1.5.4
Check: Rd \usage sections
Result: NOTE
    No protocol specified
    No protocol specified
    The \usage entries for S3 methods should use the \method markup and not
    their full name.
    See chapter ‘Writing R documentation files’ in the ‘Writing R
    Extensions’ manual.
Flavor: r-oldrel-macos-x86_64