Last updated on 2020-12-31 00:46:37 CET.
Flavor | Version | Tinstall | Tcheck | Ttotal | Status | Flags |
---|---|---|---|---|---|---|
r-devel-linux-x86_64-debian-clang | 0.3.0 | 2.03 | 21.75 | 23.78 | NOTE | |
r-devel-linux-x86_64-debian-gcc | 0.3.0 | 1.55 | 17.33 | 18.88 | NOTE | |
r-devel-linux-x86_64-fedora-clang | 0.3.0 | 39.77 | NOTE | |||
r-devel-linux-x86_64-fedora-gcc | 0.3.0 | 28.65 | NOTE | |||
r-devel-windows-ix86+x86_64 | 0.3.0 | 4.00 | 34.00 | 38.00 | NOTE | |
r-patched-linux-x86_64 | 0.3.0 | 2.07 | 21.38 | 23.45 | NOTE | |
r-patched-solaris-x86 | 0.3.0 | 43.70 | NOTE | |||
r-release-linux-x86_64 | 0.3.0 | 1.90 | 21.35 | 23.25 | NOTE | |
r-release-macos-x86_64 | 0.3.0 | NOTE | ||||
r-release-windows-ix86+x86_64 | 0.3.0 | 4.00 | 35.00 | 39.00 | NOTE | |
r-oldrel-macos-x86_64 | 0.3.0 | NOTE | ||||
r-oldrel-windows-ix86+x86_64 | 0.3.0 | 4.00 | 43.00 | 47.00 | NOTE |
Version: 0.3.0
Check: DESCRIPTION meta-information
Result: NOTE
Malformed Title field: should not end in a period.
Flavors: r-devel-linux-x86_64-debian-clang, r-devel-linux-x86_64-debian-gcc, r-devel-linux-x86_64-fedora-clang, r-devel-linux-x86_64-fedora-gcc, r-devel-windows-ix86+x86_64, r-patched-linux-x86_64, r-patched-solaris-x86, r-release-linux-x86_64, r-release-macos-x86_64, r-release-windows-ix86+x86_64, r-oldrel-macos-x86_64, r-oldrel-windows-ix86+x86_64
Version: 0.3.0
Check: R code for possible problems
Result: NOTE
plot.AUC: no visible global function definition for 'lines'
Undefined global functions or variables:
lines
Consider adding
importFrom("graphics", "lines")
to your NAMESPACE file.
Flavors: r-devel-linux-x86_64-debian-clang, r-devel-linux-x86_64-debian-gcc, r-devel-linux-x86_64-fedora-clang, r-devel-linux-x86_64-fedora-gcc, r-devel-windows-ix86+x86_64, r-patched-linux-x86_64, r-patched-solaris-x86, r-release-linux-x86_64, r-release-macos-x86_64, r-release-windows-ix86+x86_64
Version: 0.3.0
Check: R code for possible problems
Result: NOTE
plot.AUC: no visible global function definition for ‘plot’
plot.AUC: no visible global function definition for ‘lines’
Undefined global functions or variables:
lines plot
Consider adding
importFrom("graphics", "lines", "plot")
to your NAMESPACE file.
Flavors: r-oldrel-macos-x86_64, r-oldrel-windows-ix86+x86_64