CRAN Package Check Results for Package ASPBay

Last updated on 2020-12-31 00:46:37 CET.

Flavor Version Tinstall Tcheck Ttotal Status Flags
r-devel-linux-x86_64-debian-clang 1.2 35.42 73.89 109.31 NOTE
r-devel-linux-x86_64-debian-gcc 1.2 21.92 55.32 77.24 NOTE
r-devel-linux-x86_64-fedora-clang 1.2 147.67 NOTE
r-devel-linux-x86_64-fedora-gcc 1.2 133.38 NOTE
r-devel-windows-ix86+x86_64 1.2 81.00 133.00 214.00 NOTE
r-patched-linux-x86_64 1.2 26.13 72.92 99.05 NOTE
r-patched-solaris-x86 1.2 181.80 NOTE
r-release-linux-x86_64 1.2 26.77 72.18 98.95 NOTE
r-release-macos-x86_64 1.2 NOTE
r-release-windows-ix86+x86_64 1.2 80.00 132.00 212.00 NOTE
r-oldrel-macos-x86_64 1.2 NOTE
r-oldrel-windows-ix86+x86_64 1.2 53.00 100.00 153.00 NOTE

Check Details

Version: 1.2
Check: R code for possible problems
Result: NOTE
    ASP.Score: no visible global function definition for 'pnorm'
    Graphs.Bayesian: no visible global function definition for 'dev.new'
    colorhex: no visible global function definition for 'gray'
    colorhex: no visible global function definition for 'rgb'
    Undefined global functions or variables:
     dev.new gray pnorm rgb
    Consider adding
     importFrom("grDevices", "dev.new", "gray", "rgb")
     importFrom("stats", "pnorm")
    to your NAMESPACE file.
Flavors: r-devel-linux-x86_64-debian-clang, r-devel-linux-x86_64-debian-gcc, r-devel-linux-x86_64-fedora-clang, r-devel-linux-x86_64-fedora-gcc, r-devel-windows-ix86+x86_64, r-patched-linux-x86_64, r-patched-solaris-x86, r-release-linux-x86_64, r-release-macos-x86_64, r-release-windows-ix86+x86_64, r-oldrel-macos-x86_64, r-oldrel-windows-ix86+x86_64

Version: 1.2
Check: compiled code
Result: NOTE
    File ‘ASPBay/libs/ASPBay.so’:
     Found no calls to: ‘R_registerRoutines’, ‘R_useDynamicSymbols’
    
    It is good practice to register native routines and to disable symbol
    search.
    
    See ‘Writing portable packages’ in the ‘Writing R Extensions’ manual.
Flavors: r-devel-linux-x86_64-fedora-clang, r-devel-linux-x86_64-fedora-gcc