CRAN Package Check Results for Package zzlite

Last updated on 2020-04-25 01:53:22 CEST.

Flavor Version Tinstall Tcheck Ttotal Status Flags
r-devel-linux-x86_64-debian-clang 0.1.2 2.47 23.36 25.83 OK
r-devel-linux-x86_64-debian-gcc 0.1.2 1.83 18.93 20.76 OK
r-devel-linux-x86_64-fedora-clang 0.1.2 32.36 OK
r-devel-linux-x86_64-fedora-gcc 0.1.2 31.83 OK
r-devel-windows-ix86+x86_64 0.1.2 10.00 47.00 57.00 OK
r-patched-linux-x86_64 0.1.2 2.22 23.02 25.24 OK
r-patched-osx-x86_64 0.1.2 WARN
r-patched-solaris-x86 0.1.2 47.10 OK
r-release-linux-x86_64 0.1.2 1.81 22.08 23.89 OK
r-release-windows-ix86+x86_64 0.1.2 6.00 37.00 43.00 OK
r-release-osx-x86_64 0.1.2 OK
r-oldrel-windows-ix86+x86_64 0.1.2 3.00 60.00 63.00 OK
r-oldrel-osx-x86_64 0.1.2 OK

Check Details

Version: 0.1.2
Check: re-building of vignette outputs
Result: WARN
    Error(s) in re-building vignettes:
     ...
    --- re-building ‘A-primer-on-zzlite.Rmd’ using rmarkdown
    dyld: lazy symbol binding failed: Symbol not found: ____chkstk_darwin
     Referenced from: /usr/local/bin/pandoc (which was built for Mac OS X 10.15)
     Expected in: /usr/lib/libSystem.B.dylib
    
    dyld: Symbol not found: ____chkstk_darwin
     Referenced from: /usr/local/bin/pandoc (which was built for Mac OS X 10.15)
     Expected in: /usr/lib/libSystem.B.dylib
    
    Error: processing vignette 'A-primer-on-zzlite.Rmd' failed with diagnostics:
    pandoc document conversion failed with error 6
    --- failed re-building ‘A-primer-on-zzlite.Rmd’
    
    SUMMARY: processing the following file failed:
     ‘A-primer-on-zzlite.Rmd’
    
    Error: Vignette re-building failed.
    Execution halted
Flavor: r-patched-osx-x86_64