CRAN Package Check Results for Package zoon

Last updated on 2020-04-25 01:53:22 CEST.

Flavor Version Tinstall Tcheck Ttotal Status Flags
r-devel-linux-x86_64-debian-clang 0.6.5 18.58 114.66 133.24 NOTE
r-devel-linux-x86_64-debian-gcc 0.6.5 15.58 101.46 117.04 NOTE
r-devel-linux-x86_64-fedora-clang 0.6.5 157.71 NOTE
r-devel-linux-x86_64-fedora-gcc 0.6.5 171.61 NOTE
r-devel-windows-ix86+x86_64 0.6.5 74.00 239.00 313.00 OK
r-patched-linux-x86_64 0.6.5 17.49 112.35 129.84 NOTE
r-patched-osx-x86_64 0.6.5 ERROR
r-patched-solaris-x86 0.6.5 316.00 NOTE
r-release-linux-x86_64 0.6.5 16.42 103.98 120.40 NOTE
r-release-windows-ix86+x86_64 0.6.5 53.00 194.00 247.00 OK
r-release-osx-x86_64 0.6.5 OK
r-oldrel-windows-ix86+x86_64 0.6.5 26.00 198.00 224.00 OK
r-oldrel-osx-x86_64 0.6.5 ERROR

Check Details

Version: 0.6.5
Check: package dependencies
Result: NOTE
    Package suggested but not available for checking: 'SDMTools'
Flavors: r-devel-linux-x86_64-debian-clang, r-devel-linux-x86_64-debian-gcc, r-devel-linux-x86_64-fedora-clang, r-devel-linux-x86_64-fedora-gcc, r-patched-linux-x86_64, r-patched-osx-x86_64, r-patched-solaris-x86, r-release-linux-x86_64

Version: 0.6.5
Check: examples
Result: ERROR
    Running examples in ‘zoon-Ex.R’ failed
    The error most likely occurred in:
    
    > ### Name: GetModuleList
    > ### Title: GetModuleList
    > ### Aliases: GetModuleList
    >
    > ### ** Examples
    >
    > # GetModuleList requires libcurl to be supported
    > if(capabilities('libcurl')) GetModuleList()
    Warning in readLines(con) :
     cannot open URL 'https://raw.githubusercontent.com/zoonproject/modules/master/man/SpOcc.Rd': HTTP status was '500 Internal Server Error'
    Error in readLines(con) :
     cannot open the connection to 'https://raw.githubusercontent.com/zoonproject/modules/master/man/SpOcc.Rd'
    Calls: GetModuleList -> readLines
    Execution halted
Flavor: r-patched-osx-x86_64

Version: 0.6.5
Check: tests
Result: ERROR
     Running ‘test-all.R’ [6s/468s]
    Running the tests in ‘tests/test-all.R’ failed.
    Last 13 lines of output:
     [ OK: 82 | SKIPPED: 31 | WARNINGS: 15 | FAILED: 27 ]
     1. Error: Test errors are thrown (@testCombineRasters.R#6)
     2. Error: Combinations of projections and extents (@testCombineRasters.R#54)
     3. Error: Test in workflows (@testCombineRasters.R#94)
     4. Error: GetModule works (@testGetModule.R#23)
     5. Error: GetModuleList renew (@testGetModuleList.R#6)
     6. Error: GetModuleList no renew (@testGetModuleList.R#24)
     7. Error: GetModuleList type occurrence (@testGetModuleList.R#42)
     8. Error: GetModuleList type covariate (@testGetModuleList.R#52)
     9. Error: GetModuleList type process (@testGetModuleList.R#62)
     1. ...
    
     Error: testthat unit tests failed
     In addition: There were 14 warnings (use warnings() to see them)
     Execution halted
Flavor: r-patched-osx-x86_64

Version: 0.6.5
Check: re-building of vignette outputs
Result: WARN
    Error(s) in re-building vignettes:
    --- re-building ‘Building_a_module.Rmd’ using rmarkdown
    dyld: lazy symbol binding failed: Symbol not found: ____chkstk_darwin
     Referenced from: /usr/local/bin/pandoc (which was built for Mac OS X 10.15)
     Expected in: /usr/lib/libSystem.B.dylib
    
    dyld: Symbol not found: ____chkstk_darwin
     Referenced from: /usr/local/bin/pandoc (which was built for Mac OS X 10.15)
     Expected in: /usr/lib/libSystem.B.dylib
    
    Error: processing vignette 'Building_a_module.Rmd' failed with diagnostics:
    pandoc document conversion failed with error 6
    --- failed re-building ‘Building_a_module.Rmd’
    
    --- re-building ‘basic-zoon-usage.Rmd’ using rmarkdown
    dyld: lazy symbol binding failed: Symbol not found: ____chkstk_darwin
     Referenced from: /usr/local/bin/pandoc (which was built for Mac OS X 10.15)
     Expected in: /usr/lib/libSystem.B.dylib
    
    dyld: Symbol not found: ____chkstk_darwin
     Referenced from: /usr/local/bin/pandoc (which was built for Mac OS X 10.15)
     Expected in: /usr/lib/libSystem.B.dylib
    
    Error: processing vignette 'basic-zoon-usage.Rmd' failed with diagnostics:
    pandoc document conversion failed with error 6
    --- failed re-building ‘basic-zoon-usage.Rmd’
    
    --- re-building ‘interactive_zoon_usage.Rmd’ using rmarkdown
    dyld: lazy symbol binding failed: Symbol not found: ____chkstk_darwin
     Referenced from: /usr/local/bin/pandoc (which was built for Mac OS X 10.15)
     Expected in: /usr/lib/libSystem.B.dylib
    
    dyld: Symbol not found: ____chkstk_darwin
     Referenced from: /usr/local/bin/pandoc (which was built for Mac OS X 10.15)
     Expected in: /usr/lib/libSystem.B.dylib
    
    Error: processing vignette 'interactive_zoon_usage.Rmd' failed with diagnostics:
    pandoc document conversion failed with error 6
    --- failed re-building ‘interactive_zoon_usage.Rmd’
    
    SUMMARY: processing the following files failed:
     ‘Building_a_module.Rmd’ ‘basic-zoon-usage.Rmd’
     ‘interactive_zoon_usage.Rmd’
    
    Error: Vignette re-building failed.
    Execution halted
Flavor: r-patched-osx-x86_64

Version: 0.6.5
Check: tests
Result: ERROR
     Running ‘test-all.R’ [26s/39s]
    Running the tests in ‘tests/test-all.R’ failed.
    Last 13 lines of output:
     Loading required package: raster
     Loading required package: sp
     ── 1. Error: LoadModule works (@testLoadModule.R#15) ──────────────────────────
     cannot open the connection
     Backtrace:
     1. base::write(...)
     2. base::cat(...)
     3. base::file(file, ifelse(append, "a", "w"))
    
     ══ testthat results ═══════════════════════════════════════════════════════════
     [ OK: 201 | SKIPPED: 31 | WARNINGS: 10 | FAILED: 1 ]
     1. Error: LoadModule works (@testLoadModule.R#15)
    
     Error: testthat unit tests failed
     Execution halted
Flavor: r-oldrel-osx-x86_64