Last updated on 2020-04-25 01:53:22 CEST.
Flavor | Version | Tinstall | Tcheck | Ttotal | Status | Flags |
---|---|---|---|---|---|---|
r-devel-linux-x86_64-debian-clang | 1.0.2 | 30.43 | 135.54 | 165.97 | OK | |
r-devel-linux-x86_64-debian-gcc | 1.0.2 | 25.36 | 118.63 | 143.99 | OK | |
r-devel-linux-x86_64-fedora-clang | 1.0.2 | 196.40 | OK | |||
r-devel-linux-x86_64-fedora-gcc | 1.0.2 | 198.57 | OK | |||
r-devel-windows-ix86+x86_64 | 1.0.2 | 98.00 | 257.00 | 355.00 | OK | |
r-patched-linux-x86_64 | 1.0.2 | 31.22 | 133.93 | 165.15 | OK | |
r-patched-osx-x86_64 | 1.0.2 | OK | ||||
r-patched-solaris-x86 | 1.0.2 | 419.80 | OK | |||
r-release-linux-x86_64 | 1.0.2 | 25.68 | 122.91 | 148.59 | OK | |
r-release-windows-ix86+x86_64 | 1.0.2 | 74.00 | 200.00 | 274.00 | OK | |
r-release-osx-x86_64 | 1.0.2 | FAIL | ||||
r-oldrel-windows-ix86+x86_64 | 1.0.2 | 36.00 | 205.00 | 241.00 | OK | |
r-oldrel-osx-x86_64 | 1.0.2 | OK |
Version: 1.0.2
Check: whether package can be installed
Result: FAIL
Flavor: r-release-osx-x86_64