CRAN Package Check Results for Package zipfR

Last updated on 2020-04-25 01:53:22 CEST.

Flavor Version Tinstall Tcheck Ttotal Status Flags
r-devel-linux-x86_64-debian-clang 0.6-66 8.55 78.52 87.07 OK
r-devel-linux-x86_64-debian-gcc 0.6-66 7.76 62.94 70.70 OK
r-devel-linux-x86_64-fedora-clang 0.6-66 111.84 NOTE
r-devel-linux-x86_64-fedora-gcc 0.6-66 109.31 NOTE
r-devel-windows-ix86+x86_64 0.6-66 18.00 131.00 149.00 OK
r-patched-linux-x86_64 0.6-66 9.81 75.46 85.27 OK
r-patched-osx-x86_64 0.6-66 NOTE
r-patched-solaris-x86 0.6-66 152.70 NOTE
r-release-linux-x86_64 0.6-66 7.64 69.96 77.60 OK
r-release-windows-ix86+x86_64 0.6-66 13.00 87.00 100.00 OK
r-release-osx-x86_64 0.6-66 NOTE
r-oldrel-windows-ix86+x86_64 0.6-66 10.00 86.00 96.00 OK
r-oldrel-osx-x86_64 0.6-66 NOTE

Check Details

Version: 0.6-66
Check: data for non-ASCII characters
Result: NOTE
     Note: found 146804 marked UTF-8 strings
Flavors: r-devel-linux-x86_64-fedora-clang, r-devel-linux-x86_64-fedora-gcc, r-patched-osx-x86_64, r-patched-solaris-x86, r-release-osx-x86_64, r-oldrel-osx-x86_64