CRAN Package Check Results for Package zendeskR

Last updated on 2020-04-25 01:53:22 CEST.

Flavor Version Tinstall Tcheck Ttotal Status Flags
r-devel-linux-x86_64-debian-clang 0.4 2.58 25.82 28.40 NOTE
r-devel-linux-x86_64-debian-gcc 0.4 2.37 20.71 23.08 NOTE
r-devel-linux-x86_64-fedora-clang 0.4 36.40 NOTE
r-devel-linux-x86_64-fedora-gcc 0.4 34.90 NOTE
r-devel-windows-ix86+x86_64 0.4 9.00 52.00 61.00 NOTE
r-patched-linux-x86_64 0.4 2.70 25.36 28.06 NOTE
r-patched-osx-x86_64 0.4 NOTE
r-patched-solaris-x86 0.4 55.80 NOTE
r-release-linux-x86_64 0.4 2.26 23.53 25.79 NOTE
r-release-windows-ix86+x86_64 0.4 5.00 36.00 41.00 NOTE
r-release-osx-x86_64 0.4 NOTE
r-oldrel-windows-ix86+x86_64 0.4 3.00 39.00 42.00 NOTE
r-oldrel-osx-x86_64 0.4 NOTE

Check Details

Version: 0.4
Check: DESCRIPTION meta-information
Result: NOTE
    Malformed Description field: should contain one or more complete sentences.
Flavors: r-devel-linux-x86_64-debian-clang, r-devel-linux-x86_64-debian-gcc, r-devel-linux-x86_64-fedora-clang, r-devel-linux-x86_64-fedora-gcc, r-devel-windows-ix86+x86_64, r-patched-linux-x86_64, r-patched-osx-x86_64, r-patched-solaris-x86, r-release-linux-x86_64, r-release-windows-ix86+x86_64, r-release-osx-x86_64, r-oldrel-windows-ix86+x86_64, r-oldrel-osx-x86_64