CRAN Package Check Results for Package yuimaGUI

Last updated on 2020-04-25 01:53:22 CEST.

Flavor Version Tinstall Tcheck Ttotal Status Flags
r-devel-linux-x86_64-debian-clang 1.3.0 12.08 91.04 103.12 OK
r-devel-linux-x86_64-debian-gcc 1.3.0 9.98 71.46 81.44 OK
r-devel-linux-x86_64-fedora-clang 1.3.0 125.67 NOTE
r-devel-linux-x86_64-fedora-gcc 1.3.0 130.17 NOTE
r-devel-windows-ix86+x86_64 1.3.0 44.00 152.00 196.00 OK
r-patched-linux-x86_64 1.3.0 11.07 87.82 98.89 OK
r-patched-osx-x86_64 1.3.0 NOTE
r-patched-solaris-x86 1.3.0 193.40 NOTE
r-release-linux-x86_64 1.3.0 10.60 81.04 91.64 OK
r-release-windows-ix86+x86_64 1.3.0 43.00 153.00 196.00 OK
r-release-osx-x86_64 1.3.0 NOTE
r-oldrel-windows-ix86+x86_64 1.3.0 13.00 105.00 118.00 OK
r-oldrel-osx-x86_64 1.3.0 NOTE

Check Details

Version: 1.3.0
Check: dependencies in R code
Result: NOTE
    Namespace in Imports field not imported from: ‘ghyp’
     All declared Imports should be used.
Flavors: r-devel-linux-x86_64-fedora-clang, r-devel-linux-x86_64-fedora-gcc, r-patched-osx-x86_64, r-patched-solaris-x86, r-release-osx-x86_64, r-oldrel-osx-x86_64