CRAN Package Check Results for Package yuima

Last updated on 2020-04-25 01:53:22 CEST.

Flavor Version Tinstall Tcheck Ttotal Status Flags
r-devel-linux-x86_64-debian-clang 1.9.6 128.57 190.93 319.50 OK
r-devel-linux-x86_64-debian-gcc 1.9.6 91.97 147.00 238.97 OK
r-devel-linux-x86_64-fedora-clang 1.9.6 364.03 NOTE
r-devel-linux-x86_64-fedora-gcc 1.9.6 352.92 OK
r-devel-windows-ix86+x86_64 1.9.6 290.00 417.00 707.00 NOTE
r-patched-linux-x86_64 1.9.6 109.94 185.79 295.73 OK
r-patched-osx-x86_64 1.9.6 NOTE
r-patched-solaris-x86 1.9.6 558.90 OK
r-release-linux-x86_64 1.9.6 103.31 171.64 274.95 OK
r-release-windows-ix86+x86_64 1.9.6 255.00 320.00 575.00 OK
r-release-osx-x86_64 1.9.6 NOTE
r-oldrel-windows-ix86+x86_64 1.9.6 163.00 393.00 556.00 OK
r-oldrel-osx-x86_64 1.9.6 NOTE

Additional issues

rchk

Check Details

Version: 1.9.6
Check: installed package size
Result: NOTE
     installed size is 6.5Mb
     sub-directories of 1Mb or more:
     R 1.9Mb
     libs 3.7Mb
Flavors: r-devel-linux-x86_64-fedora-clang, r-devel-windows-ix86+x86_64, r-patched-osx-x86_64, r-release-osx-x86_64, r-oldrel-osx-x86_64