CRAN Package Check Results for Package xslt

Last updated on 2020-04-25 01:53:22 CEST.

Flavor Version Tinstall Tcheck Ttotal Status Flags
r-devel-linux-x86_64-debian-clang 1.4.1 26.46 26.55 53.01 OK
r-devel-linux-x86_64-debian-gcc 1.4.1 14.98 20.92 35.90 OK
r-devel-linux-x86_64-fedora-clang 1.4.1 71.39 OK
r-devel-linux-x86_64-fedora-gcc 1.4.1 64.48 OK
r-devel-windows-ix86+x86_64 1.4.1 89.00 93.00 182.00 NOTE
r-patched-linux-x86_64 1.4.1 19.44 26.03 45.47 OK
r-patched-osx-x86_64 1.4.1 WARN
r-patched-solaris-x86 1.4.1 77.30 OK
r-release-linux-x86_64 1.4.1 19.27 24.69 43.96 OK
r-release-windows-ix86+x86_64 1.4.1 87.00 64.00 151.00 NOTE
r-release-osx-x86_64 1.4.1 OK
r-oldrel-windows-ix86+x86_64 1.4.1 51.00 93.00 144.00 NOTE
r-oldrel-osx-x86_64 1.3 OK

Check Details

Version: 1.4.1
Check: installed package size
Result: NOTE
     installed size is 6.9Mb
     sub-directories of 1Mb or more:
     libs 6.8Mb
Flavors: r-devel-windows-ix86+x86_64, r-patched-osx-x86_64, r-release-windows-ix86+x86_64, r-oldrel-windows-ix86+x86_64

Version: 1.4.1
Check: whether the package can be unloaded cleanly
Result: WARN
    Error: package or namespace load failed for ‘xslt’ in dyn.load(file, DLLpath = DLLpath, ...):
     unable to load shared object '/Volumes/Builds/packages/high-sierra-x86_64/results/4.0/xslt.Rcheck/xslt/libs/xslt.so':
     dlopen(/Volumes/Builds/packages/high-sierra-x86_64/results/4.0/xslt.Rcheck/xslt/libs/xslt.so, 6): Symbol not found: _lzma_auto_decoder
     Referenced from: /Volumes/Builds/packages/high-sierra-x86_64/results/4.0/xslt.Rcheck/xslt/libs/xslt.so
     Expected in: flat namespace
     in /Volumes/Builds/packages/high-sierra-x86_64/results/4.0/xslt.Rcheck/xslt/libs/xslt.so
    Execution halted
Flavor: r-patched-osx-x86_64

Version: 1.4.1
Check: whether the namespace can be loaded with stated dependencies
Result: WARN
    Error in dyn.load(file, DLLpath = DLLpath, ...) :
     unable to load shared object '/Volumes/Builds/packages/high-sierra-x86_64/results/4.0/xslt.Rcheck/xslt/libs/xslt.so':
     dlopen(/Volumes/Builds/packages/high-sierra-x86_64/results/4.0/xslt.Rcheck/xslt/libs/xslt.so, 6): Symbol not found: _lzma_auto_decoder
     Referenced from: /Volumes/Builds/packages/high-sierra-x86_64/results/4.0/xslt.Rcheck/xslt/libs/xslt.so
     Expected in: flat namespace
     in /Volumes/Builds/packages/high-sierra-x86_64/results/4.0/xslt.Rcheck/xslt/libs/xslt.so
    Calls: <Anonymous> ... eval -> eval -> loadNamespace -> library.dynam -> dyn.load
    Execution halted
    
    A namespace must be able to be loaded with just the base namespace
    loaded: otherwise if the namespace gets loaded by a saved object, the
    session will be unable to start.
    
    Probably some imports need to be declared in the NAMESPACE file.
Flavor: r-patched-osx-x86_64

Version: 1.4.1
Check: dependencies in R code
Result: NOTE
    Error: package or namespace load failed for ‘xslt’ in dyn.load(file, DLLpath = DLLpath, ...):
     unable to load shared object '/Volumes/Builds/packages/high-sierra-x86_64/results/4.0/xslt.Rcheck/xslt/libs/xslt.so':
     dlopen(/Volumes/Builds/packages/high-sierra-x86_64/results/4.0/xslt.Rcheck/xslt/libs/xslt.so, 6): Symbol not found: _lzma_auto_decoder
     Referenced from: /Volumes/Builds/packages/high-sierra-x86_64/results/4.0/xslt.Rcheck/xslt/libs/xslt.so
     Expected in: flat namespace
     in /Volumes/Builds/packages/high-sierra-x86_64/results/4.0/xslt.Rcheck/xslt/libs/xslt.so
    Call sequence:
    6: stop(msg, call. = FALSE, domain = NA)
    5: value[[3L]](cond)
    4: tryCatchOne(expr, names, parentenv, handlers[[1L]])
    3: tryCatchList(expr, classes, parentenv, handlers)
    2: tryCatch({
     attr(package, "LibPath") <- which.lib.loc
     ns <- loadNamespace(package, lib.loc)
     env <- attachNamespace(ns, pos = pos, deps, exclude, include.only)
     }, error = function(e) {
     P <- if (!is.null(c
    Execution halted
Flavor: r-patched-osx-x86_64